Last updated on 2025-07-04 05:49:24 CEST.
Flavor | Version | Tinstall | Tcheck | Ttotal | Status | Flags |
---|---|---|---|---|---|---|
r-devel-linux-x86_64-debian-clang | 0.2.1 | 56.91 | 132.52 | 189.43 | OK | |
r-devel-linux-x86_64-debian-gcc | 0.2.1 | 40.95 | 87.29 | 128.24 | OK | |
r-devel-linux-x86_64-fedora-clang | 0.2.1 | 301.61 | OK | |||
r-devel-linux-x86_64-fedora-gcc | 0.2.1 | 308.14 | OK | |||
r-devel-windows-x86_64 | 0.2.1 | 66.00 | 178.00 | 244.00 | OK | |
r-patched-linux-x86_64 | 0.2.1 | 65.14 | 127.23 | 192.37 | OK | |
r-release-linux-x86_64 | 0.2.1 | 54.04 | 127.99 | 182.03 | OK | |
r-release-macos-arm64 | 0.2.1 | 79.00 | OK | |||
r-release-macos-x86_64 | 0.2.1 | 136.00 | OK | |||
r-release-windows-x86_64 | 0.2.1 | 69.00 | 175.00 | 244.00 | OK | |
r-oldrel-macos-arm64 | 0.2.1 | 66.00 | NOTE | |||
r-oldrel-macos-x86_64 | 0.2.1 | 106.00 | NOTE | |||
r-oldrel-windows-x86_64 | 0.2.1 | 87.00 | 218.00 | 305.00 | NOTE |
Version: 0.2.1
Check: package dependencies
Result: NOTE
Package suggested but not available for checking: ‘IFCdata’
Flavors: r-oldrel-macos-arm64, r-oldrel-macos-x86_64, r-oldrel-windows-x86_64
Version: 0.2.1
Check: installed package size
Result: NOTE
installed size is 7.4Mb
sub-directories of 1Mb or more:
R 2.0Mb
libs 4.6Mb
Flavors: r-oldrel-macos-arm64, r-oldrel-macos-x86_64