Last updated on 2025-02-07 05:50:39 CET.
Flavor | Version | Tinstall | Tcheck | Ttotal | Status | Flags |
---|---|---|---|---|---|---|
r-devel-linux-x86_64-debian-clang | 1.0.0 | 3.49 | 29.42 | 32.91 | OK | |
r-devel-linux-x86_64-debian-gcc | 1.0.0 | 3.04 | 22.49 | 25.53 | OK | |
r-devel-linux-x86_64-fedora-clang | 1.0.0 | 53.35 | OK | |||
r-devel-linux-x86_64-fedora-gcc | 1.0.0 | 49.37 | OK | |||
r-devel-windows-x86_64 | 1.0.0 | 5.00 | 58.00 | 63.00 | OK | |
r-patched-linux-x86_64 | 1.0.0 | 4.00 | 27.35 | 31.35 | NOTE | |
r-release-linux-x86_64 | 1.0.0 | 3.80 | 27.17 | 30.97 | NOTE | |
r-release-macos-arm64 | 1.0.0 | 17.00 | NOTE | |||
r-release-macos-x86_64 | 1.0.0 | 29.00 | NOTE | |||
r-release-windows-x86_64 | 1.0.0 | 5.00 | 60.00 | 65.00 | NOTE | |
r-oldrel-macos-arm64 | 1.0.0 | 19.00 | NOTE | |||
r-oldrel-macos-x86_64 | 1.0.0 | 29.00 | NOTE | |||
r-oldrel-windows-x86_64 | 1.0.0 | 7.00 | 65.00 | 72.00 | NOTE |
Version: 1.0.0
Check: LazyData
Result: NOTE
'LazyData' is specified without a 'data' directory
Flavors: r-patched-linux-x86_64, r-release-linux-x86_64, r-release-macos-arm64, r-release-macos-x86_64, r-release-windows-x86_64, r-oldrel-macos-arm64, r-oldrel-macos-x86_64, r-oldrel-windows-x86_64