Last updated on 2024-05-02 04:00:19 CEST.
Flavor | Version | Tinstall | Tcheck | Ttotal | Status | Flags |
---|---|---|---|---|---|---|
r-devel-linux-x86_64-debian-clang | 0.1.0 | 5.67 | 58.34 | 64.01 | OK | |
r-devel-linux-x86_64-debian-gcc | 0.1.0 | 3.89 | 40.94 | 44.83 | OK | |
r-devel-linux-x86_64-fedora-clang | 0.1.0 | 76.18 | NOTE | |||
r-devel-linux-x86_64-fedora-gcc | 0.1.0 | 71.04 | NOTE | |||
r-devel-windows-x86_64 | 0.1.0 | 5.00 | 64.00 | 69.00 | OK | |
r-patched-linux-x86_64 | 0.1.0 | 4.49 | 53.33 | 57.82 | OK | |
r-release-linux-x86_64 | 0.1.0 | 4.01 | 54.28 | 58.29 | OK | |
r-release-macos-arm64 | 0.1.0 | 25.00 | OK | |||
r-release-windows-x86_64 | 0.1.0 | 6.00 | 65.00 | 71.00 | OK | |
r-oldrel-macos-arm64 | 0.1.0 | 27.00 | OK | |||
r-oldrel-macos-x86_64 | 0.1.0 | 37.00 | OK | |||
r-oldrel-windows-x86_64 | 0.1.0 | 8.00 | 73.00 | 81.00 | OK |
Version: 0.1.0
Check: dependencies in R code
Result: NOTE
Namespace in Imports field not imported from: ‘velociraptr’
All declared Imports should be used.
Flavors: r-devel-linux-x86_64-fedora-clang, r-devel-linux-x86_64-fedora-gcc