Last updated on 2025-02-20 04:51:14 CET.
Flavor | Version | Tinstall | Tcheck | Ttotal | Status | Flags |
---|---|---|---|---|---|---|
r-devel-linux-x86_64-debian-clang | 1.0-8 | 2.83 | 48.64 | 51.47 | NOTE | |
r-devel-linux-x86_64-debian-gcc | 1.0-8 | 2.06 | 32.44 | 34.50 | NOTE | |
r-devel-linux-x86_64-fedora-clang | 1.0-8 | 85.56 | OK | |||
r-devel-linux-x86_64-fedora-gcc | 1.0-8 | 77.88 | OK | |||
r-devel-macos-arm64 | 1.0-8 | 27.00 | OK | |||
r-devel-macos-x86_64 | 1.0-8 | 58.00 | ERROR | |||
r-devel-windows-x86_64 | 1.0-8 | 4.00 | 68.00 | 72.00 | NOTE | |
r-patched-linux-x86_64 | 1.0-8 | 2.40 | 45.23 | 47.63 | OK | |
r-release-linux-x86_64 | 1.0-8 | 2.73 | 44.08 | 46.81 | OK | |
r-release-macos-arm64 | 1.0-8 | 30.00 | OK | |||
r-release-macos-x86_64 | 1.0-8 | 77.00 | ERROR | |||
r-release-windows-x86_64 | 1.0-8 | 4.00 | 69.00 | 73.00 | OK | |
r-oldrel-macos-arm64 | 1.0-8 | 28.00 | OK | |||
r-oldrel-macos-x86_64 | 1.0-8 | 55.00 | ERROR | |||
r-oldrel-windows-x86_64 | 1.0-8 | 4.00 | 81.00 | 85.00 | OK |
Version: 1.0-8
Check: Rd cross-references
Result: NOTE
Found the following Rd file(s) with Rd \link{} targets missing package
anchors:
plot.Rd: wireframe, levelplot
Please provide package anchors for all Rd \link{} targets not in the
package itself and the base packages.
Flavors: r-devel-linux-x86_64-debian-clang, r-devel-linux-x86_64-debian-gcc, r-devel-windows-x86_64
Version: 1.0-8
Check: tests
Result: ERROR
Running ‘testthat.R’ [6s/10s]
Running the tests in ‘tests/testthat.R’ failed.
Complete output:
> library(testthat)
> library(GPfit)
>
> test_check("GPfit", reporter = "summary")
GP_deviance:
GP_deviance: ...
GPfit:
GP_fit creates GP model: ..............
corr_matrix:
corr_matrix: ......
predict.GP:
GP model for predictions: ......1..2......
══ Failed ══════════════════════════════════════════════════════════════════════
── 1. Failure ('test_predict.GP.R:64:9'): check predict.GP ─────────────────────
smse2 >= 0 & smse2 < 30 is not TRUE
`actual`: FALSE
`expected`: TRUE
── 2. Failure ('test_predict.GP.R:81:9'): check predict.GP ─────────────────────
sum(gpp2$complete_data[, 5] - ms2 < 1e-05) >= 10 is not TRUE
`actual`: FALSE
`expected`: TRUE
══ DONE ════════════════════════════════════════════════════════════════════════
Error: Test failures
Execution halted
Flavor: r-devel-macos-x86_64
Version: 1.0-8
Check: tests
Result: ERROR
Running ‘testthat.R’ [6s/14s]
Running the tests in ‘tests/testthat.R’ failed.
Complete output:
> library(testthat)
> library(GPfit)
>
> test_check("GPfit", reporter = "summary")
GP_deviance:
GP_deviance: ...
GPfit:
GP_fit creates GP model: ..............
corr_matrix:
corr_matrix: ......
predict.GP:
GP model for predictions: ......1..2......
══ Failed ══════════════════════════════════════════════════════════════════════
── 1. Failure ('test_predict.GP.R:64:9'): check predict.GP ─────────────────────
smse2 >= 0 & smse2 < 30 is not TRUE
`actual`: FALSE
`expected`: TRUE
── 2. Failure ('test_predict.GP.R:81:9'): check predict.GP ─────────────────────
sum(gpp2$complete_data[, 5] - ms2 < 1e-05) >= 10 is not TRUE
`actual`: FALSE
`expected`: TRUE
══ DONE ════════════════════════════════════════════════════════════════════════
Error: Test failures
Execution halted
Flavor: r-release-macos-x86_64
Version: 1.0-8
Check: tests
Result: ERROR
Running ‘testthat.R’ [6s/13s]
Running the tests in ‘tests/testthat.R’ failed.
Last 13 lines of output:
── 1. Failure ('test_predict.GP.R:64:9'): check predict.GP ─────────────────────
smse2 >= 0 & smse2 < 30 is not TRUE
`actual`: FALSE
`expected`: TRUE
── 2. Failure ('test_predict.GP.R:81:9'): check predict.GP ─────────────────────
sum(gpp2$complete_data[, 5] - ms2 < 1e-05) >= 10 is not TRUE
`actual`: FALSE
`expected`: TRUE
══ DONE ════════════════════════════════════════════════════════════════════════
Error: Test failures
Execution halted
Flavor: r-oldrel-macos-x86_64