CRAN Package Check Results for Package GPRMortality

Last updated on 2025-07-24 05:49:14 CEST.

Flavor Version Tinstall Tcheck Ttotal Status Flags
r-devel-linux-x86_64-debian-clang 0.1.0 20.80 101.14 121.94 NOTE
r-devel-linux-x86_64-debian-gcc 0.1.0 14.92 73.99 88.91 NOTE
r-devel-linux-x86_64-fedora-clang 0.1.0 178.48 OK
r-devel-linux-x86_64-fedora-gcc 0.1.0 182.52 OK
r-devel-windows-x86_64 0.1.0 15.00 95.00 110.00 OK
r-patched-linux-x86_64 0.1.0 21.74 97.30 119.04 OK
r-release-linux-x86_64 0.1.0 22.04 96.42 118.46 OK
r-release-macos-arm64 0.1.0 45.00 OK
r-release-macos-x86_64 0.1.0 81.00 OK
r-release-windows-x86_64 0.1.0 14.00 95.00 109.00 OK
r-oldrel-macos-arm64 0.1.0 44.00 OK
r-oldrel-macos-x86_64 0.1.0 93.00 OK
r-oldrel-windows-x86_64 0.1.0 20.00 114.00 134.00 OK

Check Details

Version: 0.1.0
Check: CRAN incoming feasibility
Result: NOTE Maintainer: ‘Ali Ghanbari <a.ghanbari541@gmail.com>’ No Authors@R field in DESCRIPTION. Please add one, modifying Authors@R: c(person(given = "Parinaz", family = "Mehdipour", role = "aut", email = "mehdipoor.p@gmail.com"), person(given = "Ali", family = "Ghanbari", role = c("cre", "aut"), email = "a.ghanbari541@gmail.com"), person(given = "Iman", family = "Navidi", role = "aut", email = "iman.navidi.1988@gmail.com"), person(given = "Farshad", family = "Farzadfar", role = "cph", email = "farzadfar3@yahoo.com")) as necessary. Flavors: r-devel-linux-x86_64-debian-clang, r-devel-linux-x86_64-debian-gcc