Last updated on 2025-02-20 04:51:14 CET.
Flavor | Version | Tinstall | Tcheck | Ttotal | Status | Flags |
---|---|---|---|---|---|---|
r-devel-linux-x86_64-debian-clang | 1.3.3 | 16.55 | 141.59 | 158.14 | OK | |
r-devel-linux-x86_64-debian-gcc | 1.3.3 | 10.84 | 98.37 | 109.21 | OK | |
r-devel-linux-x86_64-fedora-clang | 1.3.3 | 247.12 | OK | |||
r-devel-linux-x86_64-fedora-gcc | 1.3.3 | 243.10 | OK | |||
r-devel-macos-arm64 | 1.3.3 | 226.00 | OK | |||
r-devel-macos-x86_64 | 1.3.3 | 290.00 | OK | |||
r-devel-windows-x86_64 | 1.3.3 | 16.00 | 165.00 | 181.00 | OK | |
r-patched-linux-x86_64 | 1.3.3 | 15.67 | 129.73 | 145.40 | OK | |
r-release-linux-x86_64 | 1.3.3 | 14.01 | 129.68 | 143.69 | OK | |
r-release-macos-arm64 | 1.3.3 | 235.00 | NOTE | |||
r-release-macos-x86_64 | 1.3.3 | 279.00 | NOTE | |||
r-release-windows-x86_64 | 1.3.3 | 16.00 | 148.00 | 164.00 | NOTE | |
r-oldrel-macos-arm64 | 1.3.3 | 226.00 | NOTE | |||
r-oldrel-macos-x86_64 | 1.3.3 | 308.00 | NOTE | |||
r-oldrel-windows-x86_64 | 1.3.3 | 21.00 | 190.00 | 211.00 | NOTE |
Version: 1.3.3
Check: installed package size
Result: NOTE
installed size is 6.4Mb
sub-directories of 1Mb or more:
doc 3.1Mb
help 3.0Mb
Flavors: r-release-macos-arm64, r-release-macos-x86_64, r-release-windows-x86_64, r-oldrel-macos-arm64, r-oldrel-macos-x86_64, r-oldrel-windows-x86_64