Last updated on 2024-05-02 04:00:18 CEST.
Flavor | Version | Tinstall | Tcheck | Ttotal | Status | Flags |
---|---|---|---|---|---|---|
r-devel-linux-x86_64-debian-clang | 1.0 | 21.39 | 155.12 | 176.51 | OK | |
r-devel-linux-x86_64-debian-gcc | 1.0 | 16.11 | 114.34 | 130.45 | OK | |
r-devel-linux-x86_64-fedora-clang | 1.0 | 221.70 | NOTE | |||
r-devel-linux-x86_64-fedora-gcc | 1.0 | 205.44 | NOTE | |||
r-devel-windows-x86_64 | 1.0 | 18.00 | 122.00 | 140.00 | OK | |
r-patched-linux-x86_64 | 1.0 | 18.45 | 148.67 | 167.12 | OK | |
r-release-linux-x86_64 | 1.0 | 20.02 | 150.18 | 170.20 | OK | |
r-release-macos-arm64 | 1.0 | 58.00 | OK | |||
r-release-windows-x86_64 | 1.0 | 18.00 | 130.00 | 148.00 | OK | |
r-oldrel-macos-arm64 | 1.0 | 66.00 | OK | |||
r-oldrel-macos-x86_64 | 1.0 | 107.00 | OK | |||
r-oldrel-windows-x86_64 | 1.0 | 23.00 | 153.00 | 176.00 | OK |
Version: 1.0
Check: dependencies in R code
Result: NOTE
Namespace in Imports field not imported from: ‘foreach’
All declared Imports should be used.
Flavors: r-devel-linux-x86_64-fedora-clang, r-devel-linux-x86_64-fedora-gcc