Last updated on 2024-05-02 04:00:18 CEST.
Flavor | Version | Tinstall | Tcheck | Ttotal | Status | Flags |
---|---|---|---|---|---|---|
r-devel-linux-x86_64-debian-clang | 1.0.0 | 3.98 | 29.86 | 33.84 | OK | |
r-devel-linux-x86_64-debian-gcc | 1.0.0 | 3.29 | 22.96 | 26.25 | OK | |
r-devel-linux-x86_64-fedora-clang | 1.0.0 | 45.28 | NOTE | |||
r-devel-linux-x86_64-fedora-gcc | 1.0.0 | 41.88 | NOTE | |||
r-devel-windows-x86_64 | 1.0.0 | 4.00 | 45.00 | 49.00 | OK | |
r-patched-linux-x86_64 | 1.0.0 | 2.35 | 29.11 | 31.46 | OK | |
r-release-linux-x86_64 | 1.0.0 | 2.58 | 29.95 | 32.53 | OK | |
r-release-macos-arm64 | 1.0.0 | 18.00 | OK | |||
r-release-windows-x86_64 | 1.0.0 | 5.00 | 44.00 | 49.00 | OK | |
r-oldrel-macos-arm64 | 1.0.0 | 20.00 | OK | |||
r-oldrel-macos-x86_64 | 1.0.0 | 25.00 | OK | |||
r-oldrel-windows-x86_64 | 1.0.0 | 5.00 | 48.00 | 53.00 | OK |
Version: 1.0.0
Check: dependencies in R code
Result: NOTE
Namespace in Imports field not imported from: ‘LaplacesDemon’
All declared Imports should be used.
Flavors: r-devel-linux-x86_64-fedora-clang, r-devel-linux-x86_64-fedora-gcc