Last updated on 2025-07-04 05:49:22 CEST.
Flavor | Version | Tinstall | Tcheck | Ttotal | Status | Flags |
---|---|---|---|---|---|---|
r-devel-linux-x86_64-debian-clang | 0.2.1 | 21.75 | 99.01 | 120.76 | NOTE | |
r-devel-linux-x86_64-debian-gcc | 0.2.1 | 14.22 | 70.38 | 84.60 | NOTE | |
r-devel-linux-x86_64-fedora-clang | 0.2.1 | 203.49 | NOTE | |||
r-devel-linux-x86_64-fedora-gcc | 0.2.1 | 192.68 | NOTE | |||
r-devel-windows-x86_64 | 0.2.1 | 23.00 | 134.00 | 157.00 | NOTE | |
r-patched-linux-x86_64 | 0.2.1 | 22.33 | 93.94 | 116.27 | NOTE | |
r-release-linux-x86_64 | 0.2.1 | 21.11 | 92.14 | 113.25 | NOTE | |
r-release-macos-arm64 | 0.2.1 | 70.00 | NOTE | |||
r-release-macos-x86_64 | 0.2.1 | 127.00 | NOTE | |||
r-release-windows-x86_64 | 0.2.1 | 25.00 | 135.00 | 160.00 | NOTE | |
r-oldrel-macos-arm64 | 0.2.1 | 60.00 | OK | |||
r-oldrel-macos-x86_64 | 0.2.1 | 124.00 | OK | |||
r-oldrel-windows-x86_64 | 0.2.1 | 31.00 | 168.00 | 199.00 | OK |
Version: 0.2.1
Check: DESCRIPTION meta-information
Result: NOTE
Missing dependency on R >= 4.2.0 because package code uses the pipe
placeholder syntax added in R 4.2.0.
File(s) using such syntax:
‘00.helpers.R’ ‘01.firm_register.R’ ‘02.FOandFM.R’ ‘03.people.R’
‘04.FF_either.R’ ‘05.network&graph.R’
Flavors: r-devel-linux-x86_64-debian-clang, r-devel-linux-x86_64-debian-gcc, r-devel-linux-x86_64-fedora-clang, r-devel-linux-x86_64-fedora-gcc, r-devel-windows-x86_64, r-patched-linux-x86_64, r-release-linux-x86_64, r-release-macos-arm64, r-release-macos-x86_64, r-release-windows-x86_64