CRAN Package Check Results for Package FastJM

Last updated on 2025-06-30 05:48:24 CEST.

Flavor Version Tinstall Tcheck Ttotal Status Flags
r-devel-linux-x86_64-debian-clang 1.5.0 663.38 118.64 782.02 OK
r-devel-linux-x86_64-debian-gcc 1.5.0 470.46 138.07 608.53 OK
r-devel-linux-x86_64-fedora-clang 1.5.0 1289.15 OK
r-devel-linux-x86_64-fedora-gcc 1.5.0 1527.63 OK
r-devel-windows-x86_64 1.5.0 607.00 215.00 822.00 OK
r-patched-linux-x86_64 OK
r-release-linux-x86_64 1.5.0 651.91 183.91 835.82 OK
r-release-macos-arm64 1.5.0 196.00 OK
r-release-macos-x86_64 1.5.0 205.00 OK
r-release-windows-x86_64 1.5.0 605.00 214.00 819.00 OK
r-oldrel-macos-arm64 1.5.0 229.00 NOTE
r-oldrel-macos-x86_64 1.5.0 203.00 NOTE
r-oldrel-windows-x86_64 1.5.0 679.00 246.00 925.00 OK

Check Details

Version: 1.5.0
Check: installed package size
Result: NOTE installed size is 82.0Mb sub-directories of 1Mb or more: libs 81.4Mb Flavors: r-oldrel-macos-arm64, r-oldrel-macos-x86_64