Last updated on 2025-02-06 05:49:09 CET.
Flavor | Version | Tinstall | Tcheck | Ttotal | Status | Flags |
---|---|---|---|---|---|---|
r-devel-linux-x86_64-debian-clang | 0.2.0 | 2.12 | 44.67 | 46.79 | OK | |
r-devel-linux-x86_64-debian-gcc | 0.2.0 | 1.66 | 34.93 | 36.59 | OK | |
r-devel-linux-x86_64-fedora-clang | 0.2.0 | 76.35 | OK | |||
r-devel-linux-x86_64-fedora-gcc | 0.2.0 | 90.45 | OK | |||
r-devel-windows-x86_64 | 0.2.0 | 4.00 | 74.00 | 78.00 | OK | |
r-patched-linux-x86_64 | 0.2.0 | 2.04 | 43.33 | 45.37 | NOTE | |
r-release-linux-x86_64 | 0.2.0 | 2.06 | 44.04 | 46.10 | NOTE | |
r-release-macos-arm64 | 0.2.0 | 31.00 | NOTE | |||
r-release-macos-x86_64 | 0.2.0 | 52.00 | NOTE | |||
r-release-windows-x86_64 | 0.2.0 | 4.00 | 74.00 | 78.00 | NOTE | |
r-oldrel-macos-arm64 | 0.2.0 | 35.00 | NOTE | |||
r-oldrel-macos-x86_64 | 0.2.0 | 55.00 | NOTE | |||
r-oldrel-windows-x86_64 | 0.2.0 | 4.00 | 78.00 | 82.00 | NOTE |
Version: 0.2.0
Check: LazyData
Result: NOTE
'LazyData' is specified without a 'data' directory
Flavors: r-patched-linux-x86_64, r-release-linux-x86_64, r-release-macos-arm64, r-release-macos-x86_64, r-release-windows-x86_64, r-oldrel-macos-arm64, r-oldrel-macos-x86_64, r-oldrel-windows-x86_64