Last updated on 2024-05-02 04:00:16 CEST.
Flavor | Version | Tinstall | Tcheck | Ttotal | Status | Flags |
---|---|---|---|---|---|---|
r-devel-linux-x86_64-debian-clang | 1.2.2 | 29.54 | 127.37 | 156.91 | NOTE | |
r-devel-linux-x86_64-debian-gcc | 1.2.2 | 20.08 | 85.28 | 105.36 | NOTE | |
r-devel-linux-x86_64-fedora-clang | 1.2.2 | 182.12 | NOTE | |||
r-devel-linux-x86_64-fedora-gcc | 1.2.2 | 170.52 | NOTE | |||
r-devel-windows-x86_64 | 1.2.2 | 20.00 | 96.00 | 116.00 | NOTE | |
r-patched-linux-x86_64 | 1.2.2 | 21.70 | 119.51 | 141.21 | NOTE | |
r-release-linux-x86_64 | 1.2.2 | 23.70 | 115.69 | 139.39 | NOTE | |
r-release-macos-arm64 | 1.2.2 | 40.00 | NOTE | |||
r-release-windows-x86_64 | 1.2.2 | 18.00 | 95.00 | 113.00 | NOTE | |
r-oldrel-macos-arm64 | 1.2.2 | 48.00 | OK | |||
r-oldrel-macos-x86_64 | 1.2.2 | 79.00 | OK | |||
r-oldrel-windows-x86_64 | 1.2.2 | 22.00 | 120.00 | 142.00 | OK |
Version: 1.2.2
Check: Rd files
Result: NOTE
checkRd: (-1) ccF.Rd:41: Lost braces
41 | CALI\'{N}SKI, T.; CORSTEN, L. C. A. Clustering
| ^
Flavors: r-devel-linux-x86_64-debian-clang, r-devel-linux-x86_64-debian-gcc, r-devel-linux-x86_64-fedora-clang, r-devel-linux-x86_64-fedora-gcc, r-devel-windows-x86_64, r-patched-linux-x86_64, r-release-linux-x86_64, r-release-macos-arm64, r-release-windows-x86_64