Last updated on 2025-02-06 05:49:09 CET.
Flavor | Version | Tinstall | Tcheck | Ttotal | Status | Flags |
---|---|---|---|---|---|---|
r-devel-linux-x86_64-debian-clang | 0.1.2 | 4.46 | 55.27 | 59.73 | OK | |
r-devel-linux-x86_64-debian-gcc | 0.1.2 | 5.18 | 44.68 | 49.86 | OK | |
r-devel-linux-x86_64-fedora-clang | 0.1.2 | 98.01 | NOTE | |||
r-devel-linux-x86_64-fedora-gcc | 0.1.2 | 91.71 | NOTE | |||
r-devel-windows-x86_64 | 0.1.2 | 9.00 | 68.00 | 77.00 | OK | |
r-patched-linux-x86_64 | 0.1.2 | 6.52 | 51.06 | 57.58 | OK | |
r-release-linux-x86_64 | 0.1.2 | 5.92 | 51.12 | 57.04 | OK | |
r-release-macos-arm64 | 0.1.2 | 31.00 | OK | |||
r-release-macos-x86_64 | 0.1.2 | 42.00 | OK | |||
r-release-windows-x86_64 | 0.1.2 | 8.00 | 67.00 | 75.00 | OK | |
r-oldrel-macos-arm64 | 0.1.2 | 34.00 | OK | |||
r-oldrel-macos-x86_64 | 0.1.2 | 59.00 | OK | |||
r-oldrel-windows-x86_64 | 0.1.2 | 11.00 | 81.00 | 92.00 | OK |
Version: 0.1.2
Check: dependencies in R code
Result: NOTE
Namespace in Imports field not imported from: ‘gamlss.dist’
All declared Imports should be used.
Flavors: r-devel-linux-x86_64-fedora-clang, r-devel-linux-x86_64-fedora-gcc