CRAN Package Check Results for Package EpiNow2

Last updated on 2025-06-23 05:49:38 CEST.

Flavor Version Tinstall Tcheck Ttotal Status Flags
r-devel-linux-x86_64-debian-clang 1.7.1 720.61 250.81 971.42 OK
r-devel-linux-x86_64-debian-gcc 1.7.1 680.98 228.97 909.95 OK
r-devel-linux-x86_64-fedora-clang 1.7.1 1498.06 OK
r-devel-linux-x86_64-fedora-gcc 1.7.1 2072.34 OK
r-devel-windows-x86_64 1.7.1 797.00 345.00 1142.00 OK
r-patched-linux-x86_64 1.7.1 911.32 315.44 1226.76 OK
r-release-linux-x86_64 1.7.1 913.57 309.09 1222.66 OK
r-release-macos-arm64 1.7.1 405.00 OK
r-release-macos-x86_64 1.7.1 433.00 OK
r-release-windows-x86_64 1.7.1 786.00 343.00 1129.00 OK
r-oldrel-macos-arm64 1.7.1 324.00 NOTE
r-oldrel-macos-x86_64 1.7.1 448.00 NOTE
r-oldrel-windows-x86_64 1.7.1 934.00 436.00 1370.00 NOTE

Check Details

Version: 1.7.1
Check: package dependencies
Result: NOTE Package suggested but not available for checking: ‘cmdstanr’ Flavors: r-oldrel-macos-arm64, r-oldrel-macos-x86_64, r-oldrel-windows-x86_64

Version: 1.7.1
Check: installed package size
Result: NOTE installed size is 147.3Mb sub-directories of 1Mb or more: doc 1.5Mb libs 143.3Mb Flavors: r-oldrel-macos-arm64, r-oldrel-macos-x86_64, r-oldrel-windows-x86_64

Version: 1.7.1
Check: Rd cross-references
Result: NOTE Package unavailable to check Rd xrefs: ‘cmdstanr’ Flavors: r-oldrel-macos-arm64, r-oldrel-macos-x86_64, r-oldrel-windows-x86_64

Version: 1.7.1
Check: for GNU extensions in Makefiles
Result: NOTE GNU make is a SystemRequirements. Flavors: r-oldrel-macos-arm64, r-oldrel-macos-x86_64, r-oldrel-windows-x86_64