Last updated on 2025-07-19 05:49:40 CEST.
Flavor | Version | Tinstall | Tcheck | Ttotal | Status | Flags |
---|---|---|---|---|---|---|
r-devel-linux-x86_64-debian-clang | 0.29.4 | 23.35 | 122.51 | 145.86 | NOTE | |
r-devel-linux-x86_64-debian-gcc | 0.29.4 | 15.47 | 95.71 | 111.18 | NOTE | |
r-devel-linux-x86_64-fedora-clang | 0.29.4 | 219.76 | OK | |||
r-devel-linux-x86_64-fedora-gcc | 0.29.4 | 237.58 | OK | |||
r-devel-windows-x86_64 | 0.29.4 | 27.00 | 163.00 | 190.00 | NOTE | |
r-patched-linux-x86_64 | 0.29.4 | 21.46 | 117.24 | 138.70 | OK | |
r-release-linux-x86_64 | 0.29.4 | 23.44 | 115.54 | 138.98 | OK | |
r-release-macos-arm64 | 0.29.4 | 102.00 | OK | |||
r-release-macos-x86_64 | 0.29.4 | 223.00 | OK | |||
r-release-windows-x86_64 | 0.29.4 | 25.00 | 165.00 | 190.00 | NOTE | |
r-oldrel-macos-arm64 | 0.29.4 | 74.00 | OK | |||
r-oldrel-macos-x86_64 | 0.29.4 | 109.00 | OK | |||
r-oldrel-windows-x86_64 | 0.29.4 | 30.00 | 192.00 | 222.00 | NOTE |
Version: 0.29.4
Check: CRAN incoming feasibility
Result: NOTE
Maintainer: ‘Christof Neumann <christofneumann1@gmail.com>’
No Authors@R field in DESCRIPTION.
Please add one, modifying
Authors@R: person(given = "Christof",
family = "Neumann",
role = c("aut", "cre"),
email = "christofneumann1@gmail.com")
as necessary.
Flavors: r-devel-linux-x86_64-debian-clang, r-devel-linux-x86_64-debian-gcc
Version: 0.29.4
Check: C++ specification
Result: NOTE
Specified C++11: please drop specification unless essential
Flavors: r-devel-windows-x86_64, r-release-windows-x86_64, r-oldrel-windows-x86_64