Last updated on 2024-05-01 03:53:36 CEST.
Flavor | Version | Tinstall | Tcheck | Ttotal | Status | Flags |
---|---|---|---|---|---|---|
r-devel-linux-x86_64-debian-clang | 1.0.8 | 3.59 | 101.35 | 104.94 | OK | |
r-devel-linux-x86_64-debian-gcc | 1.0.8 | 3.21 | 55.21 | 58.42 | ERROR | |
r-devel-linux-x86_64-fedora-clang | 1.0.8 | 128.86 | OK | |||
r-devel-linux-x86_64-fedora-gcc | 1.0.8 | 137.78 | OK | |||
r-devel-windows-x86_64 | 1.0.8 | 5.00 | 141.00 | 146.00 | OK | |
r-patched-linux-x86_64 | 1.0.8 | 3.04 | 96.87 | 99.91 | OK | |
r-release-linux-x86_64 | 1.0.8 | 4.31 | 96.65 | 100.96 | OK | |
r-release-macos-arm64 | 1.0.8 | 201.00 | OK | |||
r-release-macos-x86_64 | 1.0.8 | 302.00 | OK | |||
r-release-windows-x86_64 | 1.0.8 | 5.00 | 145.00 | 150.00 | OK | |
r-oldrel-macos-arm64 | 1.0.8 | 183.00 | OK | |||
r-oldrel-macos-x86_64 | 1.0.8 | 237.00 | OK | |||
r-oldrel-windows-x86_64 | 1.0.8 | 7.00 | 158.00 | 165.00 | OK |
Version: 1.0.8
Check: re-building of vignette outputs
Result: ERROR
Error(s) in re-building vignettes:
...
--- re-building ‘ElevDistr.Rmd’ using rmarkdown
** Processing: /home/hornik/tmp/R.check/r-devel-gcc/Work/PKGS/ElevDistr.Rcheck/vign_test/ElevDistr/vignettes/ElevDistr_files/figure-html/unnamed-chunk-9-1.png
672x576 pixels, 3x8 bits/pixel, RGB
Input IDAT size = 16683 bytes
Input file size = 16785 bytes
Trying:
zc = 9 zm = 8 zs = 0 f = 0 IDAT size = 14533
zc = 9 zm = 8 zs = 1 f = 0
zc = 1 zm = 8 zs = 2 f = 0
zc = 9 zm = 8 zs = 3 f = 0
zc = 9 zm = 8 zs = 0 f = 5
zc = 9 zm = 8 zs = 1 f = 5
zc = 1 zm = 8 zs = 2 f = 5
zc = 9 zm = 8 zs = 3 f = 5
Selecting parameters:
zc = 9 zm = 8 zs = 0 f = 0 IDAT size = 14533
Output IDAT size = 14533 bytes (2150 bytes decrease)
Output file size = 14611 bytes (2174 bytes = 12.95% decrease)
Quitting from lines at lines 87-90 [unnamed-chunk-10] (ElevDistr.Rmd)
Error: processing vignette 'ElevDistr.Rmd' failed with diagnostics:
Timeout was reached: [api.gbif.org] Failed to connect to api.gbif.org port 443 after 10002 ms: Timeout was reached
--- failed re-building ‘ElevDistr.Rmd’
SUMMARY: processing the following file failed:
‘ElevDistr.Rmd’
Error: Vignette re-building failed.
Execution halted
Flavor: r-devel-linux-x86_64-debian-gcc