Last updated on 2025-05-16 05:49:06 CEST.
Flavor | Version | Tinstall | Tcheck | Ttotal | Status | Flags |
---|---|---|---|---|---|---|
r-devel-linux-x86_64-debian-clang | 2.3 | 2.86 | 22.65 | 25.51 | NOTE | |
r-devel-linux-x86_64-debian-gcc | 2.3 | 2.04 | 17.70 | 19.74 | NOTE | |
r-devel-linux-x86_64-fedora-clang | 2.3 | 41.63 | OK | |||
r-devel-linux-x86_64-fedora-gcc | 2.3 | 37.37 | OK | |||
r-devel-windows-x86_64 | 2.3 | 5.00 | 43.00 | 48.00 | OK | |
r-patched-linux-x86_64 | 2.3 | 2.56 | 21.70 | 24.26 | OK | |
r-release-linux-x86_64 | 2.3 | 2.74 | 21.76 | 24.50 | OK | |
r-release-macos-arm64 | 2.3 | 21.00 | OK | |||
r-release-macos-x86_64 | 2.3 | 29.00 | OK | |||
r-release-windows-x86_64 | 2.3 | 4.00 | 45.00 | 49.00 | OK | |
r-oldrel-macos-arm64 | 2.3 | 17.00 | OK | |||
r-oldrel-macos-x86_64 | 2.3 | 23.00 | OK | |||
r-oldrel-windows-x86_64 | 2.3 | 5.00 | 48.00 | 53.00 | OK |
Version: 2.3
Check: CRAN incoming feasibility
Result: NOTE
Maintainer: ‘Eun-Kyung Lee <lee.eunk@gmail.com>’
No Authors@R field in DESCRIPTION.
Please add one, modifying
Authors@R: c(person(given = "Eun-Kyung",
family = "Lee",
role = c("aut", "cre"),
email = "lee.eunk@gmail.com"),
person(given = "Hye-Min",
family = "Choe",
role = "aut"))
as necessary.
Flavors: r-devel-linux-x86_64-debian-clang, r-devel-linux-x86_64-debian-gcc