Last updated on 2024-04-27 03:56:12 CEST.
Flavor | Version | Tinstall | Tcheck | Ttotal | Status | Flags |
---|---|---|---|---|---|---|
r-devel-linux-x86_64-debian-clang | 1.0-0 | 1.62 | 22.28 | 23.90 | OK | |
r-devel-linux-x86_64-debian-gcc | 1.0-0 | 1.44 | 16.82 | 18.26 | OK | |
r-devel-linux-x86_64-fedora-clang | 1.0-0 | 30.86 | NOTE | |||
r-devel-linux-x86_64-fedora-gcc | 1.0-0 | 29.07 | OK | |||
r-devel-windows-x86_64 | 1.0-0 | 3.00 | 36.00 | 39.00 | OK | |
r-patched-linux-x86_64 | 1.0-0 | 1.87 | 21.35 | 23.22 | OK | |
r-release-linux-x86_64 | 1.0-0 | 1.93 | 21.15 | 23.08 | OK | |
r-release-macos-arm64 | 1.0-0 | 13.00 | OK | |||
r-release-windows-x86_64 | 1.0-0 | 3.00 | 35.00 | 38.00 | OK | |
r-oldrel-macos-arm64 | 1.0-0 | 18.00 | OK | |||
r-oldrel-macos-x86_64 | 1.0-0 | 19.00 | OK | |||
r-oldrel-windows-x86_64 | 1.0-0 | 4.00 | 36.00 | 40.00 | OK |
Version: 1.0-0
Check: Rd cross-references
Result: NOTE
Undeclared package ‘quadprog’ in Rd xrefs
Flavor: r-devel-linux-x86_64-fedora-clang