Last updated on 2024-05-01 03:53:35 CEST.
Flavor | Version | Tinstall | Tcheck | Ttotal | Status | Flags |
---|---|---|---|---|---|---|
r-devel-linux-x86_64-debian-clang | 1.1 | 2.69 | 36.83 | 39.52 | NOTE | |
r-devel-linux-x86_64-debian-gcc | 1.1 | 2.78 | 26.84 | 29.62 | NOTE | |
r-devel-linux-x86_64-fedora-clang | 1.1 | 50.01 | NOTE | |||
r-devel-linux-x86_64-fedora-gcc | 1.1 | 47.16 | NOTE | |||
r-devel-windows-x86_64 | 1.1 | 3.00 | 46.00 | 49.00 | NOTE | |
r-patched-linux-x86_64 | 1.1 | 3.01 | 34.73 | 37.74 | NOTE | |
r-release-linux-x86_64 | 1.1 | 2.94 | 35.03 | 37.97 | NOTE | |
r-release-macos-arm64 | 1.1 | 17.00 | NOTE | |||
r-release-windows-x86_64 | 1.1 | 3.00 | 47.00 | 50.00 | NOTE | |
r-oldrel-macos-arm64 | 1.1 | 17.00 | NOTE | |||
r-oldrel-macos-x86_64 | 1.1 | 24.00 | NOTE | |||
r-oldrel-windows-x86_64 | 1.1 | 3.00 | 47.00 | 50.00 | NOTE |
Version: 1.1
Check: LazyData
Result: NOTE
'LazyData' is specified without a 'data' directory
Flavors: r-devel-linux-x86_64-debian-clang, r-devel-linux-x86_64-debian-gcc, r-devel-linux-x86_64-fedora-clang, r-devel-linux-x86_64-fedora-gcc, r-devel-windows-x86_64, r-patched-linux-x86_64, r-release-linux-x86_64, r-release-macos-arm64, r-release-windows-x86_64, r-oldrel-macos-arm64, r-oldrel-macos-x86_64, r-oldrel-windows-x86_64