Last updated on 2024-05-02 04:00:13 CEST.
Flavor | Version | Tinstall | Tcheck | Ttotal | Status | Flags |
---|---|---|---|---|---|---|
r-devel-linux-x86_64-debian-clang | 0.1.1 | 1.94 | 24.29 | 26.23 | NOTE | |
r-devel-linux-x86_64-debian-gcc | 0.1.1 | 1.44 | 18.34 | 19.78 | NOTE | |
r-devel-linux-x86_64-fedora-clang | 0.1.1 | 33.30 | NOTE | |||
r-devel-linux-x86_64-fedora-gcc | 0.1.1 | 30.94 | NOTE | |||
r-devel-windows-x86_64 | 0.1.1 | 2.00 | 44.00 | 46.00 | NOTE | |
r-patched-linux-x86_64 | 0.1.1 | 2.12 | 22.82 | 24.94 | NOTE | |
r-release-linux-x86_64 | 0.1.1 | 1.55 | 22.27 | 23.82 | NOTE | |
r-release-macos-arm64 | 0.1.1 | 15.00 | NOTE | |||
r-release-windows-x86_64 | 0.1.1 | 2.00 | 41.00 | 43.00 | NOTE | |
r-oldrel-macos-arm64 | 0.1.1 | 16.00 | NOTE | |||
r-oldrel-macos-x86_64 | 0.1.1 | 21.00 | NOTE | |||
r-oldrel-windows-x86_64 | 0.1.1 | 3.00 | 40.00 | 43.00 | NOTE |
Version: 0.1.1
Check: LazyData
Result: NOTE
'LazyData' is specified without a 'data' directory
Flavors: r-devel-linux-x86_64-debian-clang, r-devel-linux-x86_64-debian-gcc, r-devel-linux-x86_64-fedora-clang, r-devel-linux-x86_64-fedora-gcc, r-devel-windows-x86_64, r-patched-linux-x86_64, r-release-linux-x86_64, r-release-macos-arm64, r-release-windows-x86_64, r-oldrel-macos-arm64, r-oldrel-macos-x86_64, r-oldrel-windows-x86_64