Last updated on 2024-05-02 04:00:13 CEST.
Flavor | Version | Tinstall | Tcheck | Ttotal | Status | Flags |
---|---|---|---|---|---|---|
r-devel-linux-x86_64-debian-clang | 0.0.5 | 55.14 | 29.42 | 84.56 | OK | |
r-devel-linux-x86_64-debian-gcc | 0.0.5 | 36.43 | 25.44 | 61.87 | OK | |
r-devel-linux-x86_64-fedora-clang | 0.0.5 | 99.54 | OK | |||
r-devel-linux-x86_64-fedora-gcc | 0.0.5 | 113.09 | OK | |||
r-devel-windows-x86_64 | 0.0.5 | 33.00 | 53.00 | 86.00 | OK | |
r-patched-linux-x86_64 | 0.0.5 | 49.78 | 32.20 | 81.98 | OK | |
r-release-linux-x86_64 | 0.0.5 | 49.49 | 32.02 | 81.51 | OK | |
r-release-macos-arm64 | 0.0.5 | 32.00 | NOTE | |||
r-release-windows-x86_64 | 0.0.5 | 36.00 | 51.00 | 87.00 | OK | |
r-oldrel-macos-arm64 | 0.0.5 | 36.00 | NOTE | |||
r-oldrel-macos-x86_64 | 0.0.5 | 46.00 | NOTE | |||
r-oldrel-windows-x86_64 | 0.0.5 | 45.00 | 72.00 | 117.00 | OK |
Version: 0.0.5
Check: installed package size
Result: NOTE
installed size is 17.9Mb
sub-directories of 1Mb or more:
libs 17.8Mb
Flavors: r-release-macos-arm64, r-oldrel-macos-arm64, r-oldrel-macos-x86_64