Last updated on 2025-07-12 05:48:28 CEST.
Flavor | Version | Tinstall | Tcheck | Ttotal | Status | Flags |
---|---|---|---|---|---|---|
r-devel-linux-x86_64-debian-clang | 0.99.60 | 86.07 | 366.69 | 452.76 | OK | |
r-devel-linux-x86_64-debian-gcc | 0.99.60 | 62.21 | 237.37 | 299.58 | OK | |
r-devel-linux-x86_64-fedora-clang | 0.99.60 | 736.36 | OK | |||
r-devel-linux-x86_64-fedora-gcc | 0.99.60 | 696.02 | OK | |||
r-devel-windows-x86_64 | 0.99.60 | 95.00 | 487.00 | 582.00 | OK | |
r-patched-linux-x86_64 | 0.99.60 | 103.42 | 339.55 | 442.97 | OK | |
r-release-linux-x86_64 | 0.99.60 | 91.14 | 337.56 | 428.70 | OK | |
r-release-macos-arm64 | 0.99.60 | 161.00 | OK | |||
r-release-macos-x86_64 | 0.99.60 | 266.00 | OK | |||
r-release-windows-x86_64 | 0.99.60 | 93.00 | 488.00 | 581.00 | OK | |
r-oldrel-macos-arm64 | 0.99.60 | 139.00 | NOTE | |||
r-oldrel-macos-x86_64 | 0.99.60 | 278.00 | NOTE | |||
r-oldrel-windows-x86_64 | 0.99.60 | 130.00 | 617.00 | 747.00 | NOTE |
Version: 0.99.60
Check: package dependencies
Result: NOTE
Package suggested but not available for checking: ‘RDCOMClient’
Flavors: r-oldrel-macos-arm64, r-oldrel-macos-x86_64, r-oldrel-windows-x86_64
Version: 0.99.60
Check: installed package size
Result: NOTE
installed size is 9.9Mb
sub-directories of 1Mb or more:
R 2.0Mb
doc 1.8Mb
help 1.6Mb
libs 3.8Mb
Flavors: r-oldrel-macos-arm64, r-oldrel-macos-x86_64, r-oldrel-windows-x86_64