CRAN Package Check Results for Package DataEditR

Last updated on 2025-10-09 05:50:53 CEST.

Flavor Version Tinstall Tcheck Ttotal Status Flags
r-devel-linux-x86_64-debian-clang 0.1.5 3.79 47.59 51.38 NOTE
r-devel-linux-x86_64-debian-gcc 0.1.5 3.38 36.54 39.92 NOTE
r-devel-linux-x86_64-fedora-clang 0.1.5 79.23 NOTE
r-devel-linux-x86_64-fedora-gcc 0.1.5 88.21 NOTE
r-devel-windows-x86_64 0.1.5 7.00 69.00 76.00 NOTE
r-patched-linux-x86_64 0.1.5 5.33 43.54 48.87 NOTE
r-release-linux-x86_64 0.1.5 4.34 44.05 48.39 NOTE
r-release-macos-arm64 0.1.5 58.00 NOTE
r-release-macos-x86_64 0.1.5 71.00 NOTE
r-release-windows-x86_64 0.1.5 9.00 75.00 84.00 NOTE
r-oldrel-macos-arm64 0.1.5 43.00 NOTE
r-oldrel-macos-x86_64 0.1.5 60.00 NOTE
r-oldrel-windows-x86_64 0.1.5 9.00 83.00 92.00 NOTE

Check Details

Version: 0.1.5
Check: Rd files
Result: NOTE checkRd: (-1) data_edit.Rd:137: Lost braces 137 | code{data_edit} is a shiny application built on \code{rhandsontable} that is | ^ Flavors: r-devel-linux-x86_64-debian-clang, r-devel-linux-x86_64-debian-gcc, r-devel-linux-x86_64-fedora-clang, r-devel-linux-x86_64-fedora-gcc, r-devel-windows-x86_64, r-patched-linux-x86_64, r-release-linux-x86_64, r-release-macos-arm64, r-release-macos-x86_64, r-release-windows-x86_64, r-oldrel-macos-arm64, r-oldrel-macos-x86_64, r-oldrel-windows-x86_64