Last updated on 2025-05-15 05:50:21 CEST.
Flavor | Version | Tinstall | Tcheck | Ttotal | Status | Flags |
---|---|---|---|---|---|---|
r-devel-linux-x86_64-debian-clang | 3.0.2 | 33.20 | 85.08 | 118.28 | OK | |
r-devel-linux-x86_64-debian-gcc | 3.0.2 | 25.30 | 63.67 | 88.97 | OK | |
r-devel-linux-x86_64-fedora-clang | 3.0.2 | 203.62 | OK | |||
r-devel-linux-x86_64-fedora-gcc | 3.0.2 | 191.63 | OK | |||
r-devel-windows-x86_64 | 3.0.2 | 34.00 | 110.00 | 144.00 | OK | |
r-patched-linux-x86_64 | 3.0.2 | 33.47 | 84.63 | 118.10 | OK | |
r-release-linux-x86_64 | 3.0.2 | 31.90 | 82.86 | 114.76 | OK | |
r-release-macos-arm64 | 3.0.2 | 50.00 | OK | |||
r-release-macos-x86_64 | 3.0.2 | 82.00 | OK | |||
r-release-windows-x86_64 | 3.0.2 | 36.00 | 109.00 | 145.00 | OK | |
r-oldrel-macos-arm64 | 3.0.2 | 55.00 | NOTE | |||
r-oldrel-macos-x86_64 | 3.0.2 | 86.00 | NOTE | |||
r-oldrel-windows-x86_64 | 3.0.2 | 45.00 | 134.00 | 179.00 | OK |
Version: 3.0.2
Check: installed package size
Result: NOTE
installed size is 7.5Mb
sub-directories of 1Mb or more:
libs 7.2Mb
Flavors: r-oldrel-macos-arm64, r-oldrel-macos-x86_64