Last updated on 2024-05-02 04:00:13 CEST.
Flavor | Version | Tinstall | Tcheck | Ttotal | Status | Flags |
---|---|---|---|---|---|---|
r-devel-linux-x86_64-debian-clang | 1.0.3 | 29.13 | 306.69 | 335.82 | OK | |
r-devel-linux-x86_64-debian-gcc | 1.0.3 | 25.62 | 228.22 | 253.84 | OK | |
r-devel-linux-x86_64-fedora-clang | 1.0.3 | 444.11 | WARN | |||
r-devel-linux-x86_64-fedora-gcc | 1.0.3 | 427.83 | OK | |||
r-devel-windows-x86_64 | 1.0.3 | 26.00 | 220.00 | 246.00 | NOTE | |
r-patched-linux-x86_64 | 1.0.3 | 20.69 | 293.30 | 313.99 | OK | |
r-release-linux-x86_64 | 1.0.3 | 19.72 | 286.72 | 306.44 | OK | |
r-release-macos-arm64 | 1.0.3 | 114.00 | OK | |||
r-release-macos-x86_64 | 1.0.3 | 230.00 | OK | |||
r-release-windows-x86_64 | 1.0.3 | 27.00 | 217.00 | 244.00 | NOTE | |
r-oldrel-macos-arm64 | 1.0.3 | 121.00 | NOTE | |||
r-oldrel-macos-x86_64 | 1.0.3 | 214.00 | NOTE | |||
r-oldrel-windows-x86_64 | 1.0.3 | 35.00 | 281.00 | 316.00 | NOTE |
Version: 1.0.3
Check: S3 generic/method consistency
Result: WARN
Error: .onLoad failed in loadNamespace() for 'GO.db', details:
call: .getClassesFromCache(Class)
error: class should be either a character-string name or a class definition
Call sequence:
7: stop(gettextf("%s failed in %s() for '%s', details:\n call: %s\n error: %s",
hookname, "loadNamespace", pkgname, deparse(conditionCall(res))[1L],
conditionMessage(res)), call. = FALSE, domain = NA)
6: runHook(".onLoad", env, package.lib, package)
5: loadNamespace(i, c(lib.loc, .libPaths()), versionCheck = vI[[i]])
4: namespaceImport(ns, loadNamespace(i, c(lib.loc, .libPaths()),
versionCheck = vI[[i]]), from = package)
3: loadNamespace(i, c(lib.loc, .libPaths()), versionCheck = vI[[i]])
2: namespaceImport(ns, loadNamespace(i, c(lib.loc, .libPaths()),
versionCheck = vI[[i]]), from = package)
1: loadNamespace(package, lib.loc)
Execution halted
See section ‘Generic functions and methods’ in the ‘Writing R
Extensions’ manual.
Flavor: r-devel-linux-x86_64-fedora-clang
Version: 1.0.3
Check: package dependencies
Result: NOTE
Package suggested but not available for checking: 'doMC'
Flavors: r-devel-windows-x86_64, r-release-windows-x86_64, r-oldrel-windows-x86_64
Version: 1.0.3
Check: package dependencies
Result: NOTE
Packages suggested but not available for checking: 'GOstats', 'MEGENA'
Flavor: r-oldrel-macos-arm64
Version: 1.0.3
Check: package dependencies
Result: NOTE
Package suggested but not available for checking: ‘GOstats’
Flavor: r-oldrel-macos-x86_64