Last updated on 2025-02-07 05:50:34 CET.
Flavor | Version | Tinstall | Tcheck | Ttotal | Status | Flags |
---|---|---|---|---|---|---|
r-devel-linux-x86_64-debian-clang | 1.0.0 | 9.74 | 60.32 | 70.06 | OK | |
r-devel-linux-x86_64-debian-gcc | 1.0.0 | 5.71 | 47.36 | 53.07 | OK | |
r-devel-linux-x86_64-fedora-clang | 1.0.0 | 110.97 | OK | |||
r-devel-linux-x86_64-fedora-gcc | 1.0.0 | 104.56 | OK | |||
r-devel-windows-x86_64 | 1.0.0 | 9.00 | 74.00 | 83.00 | OK | |
r-patched-linux-x86_64 | 1.0.0 | 8.49 | 56.90 | 65.39 | NOTE | |
r-release-linux-x86_64 | 1.0.0 | 8.19 | 58.29 | 66.48 | NOTE | |
r-release-macos-arm64 | 1.0.0 | 33.00 | NOTE | |||
r-release-macos-x86_64 | 1.0.0 | 47.00 | NOTE | |||
r-release-windows-x86_64 | 1.0.0 | 9.00 | 71.00 | 80.00 | NOTE | |
r-oldrel-macos-arm64 | 1.0.0 | 37.00 | NOTE | |||
r-oldrel-macos-x86_64 | 1.0.0 | 56.00 | NOTE | |||
r-oldrel-windows-x86_64 | 1.0.0 | 12.00 | 85.00 | 97.00 | NOTE |
Version: 1.0.0
Check: LazyData
Result: NOTE
'LazyData' is specified without a 'data' directory
Flavors: r-patched-linux-x86_64, r-release-linux-x86_64, r-release-macos-arm64, r-release-macos-x86_64, r-release-windows-x86_64, r-oldrel-macos-arm64, r-oldrel-macos-x86_64, r-oldrel-windows-x86_64