Last updated on 2025-10-03 05:53:28 CEST.
Flavor | Version | Tinstall | Tcheck | Ttotal | Status | Flags |
---|---|---|---|---|---|---|
r-devel-linux-x86_64-debian-clang | 1.2.3 | 3.87 | 36.34 | 40.21 | NOTE | |
r-devel-linux-x86_64-debian-gcc | 1.2.3 | 3.93 | 36.16 | 40.09 | NOTE | |
r-devel-linux-x86_64-fedora-clang | 1.2.3 | 60.76 | OK | |||
r-devel-linux-x86_64-fedora-gcc | 1.2.3 | 57.92 | OK | |||
r-devel-windows-x86_64 | 1.2.3 | 4.00 | 51.00 | 55.00 | OK | |
r-patched-linux-x86_64 | 1.2.3 | 3.43 | 29.76 | 33.19 | OK | |
r-release-linux-x86_64 | 1.2.3 | 3.10 | 29.28 | 32.38 | OK | |
r-release-macos-arm64 | 1.2.3 | 33.00 | OK | |||
r-release-macos-x86_64 | 1.2.3 | 49.00 | OK | |||
r-release-windows-x86_64 | 1.2.3 | 4.00 | 51.00 | 55.00 | OK | |
r-oldrel-macos-arm64 | 1.2.3 | 29.00 | OK | |||
r-oldrel-macos-x86_64 | 1.2.3 | 32.00 | OK | |||
r-oldrel-windows-x86_64 | 1.2.3 | 4.00 | 59.00 | 63.00 | OK |
Version: 1.2.3
Check: CRAN incoming feasibility
Result: NOTE
Maintainer: ‘Pierre Lafaye De Micheaux <lafaye@unsw.edu.au>’
Package CITATION file contains call(s) to old-style personList() or
as.personList(). Please use c() on person objects instead.
Package CITATION file contains call(s) to old-style citEntry(). Please
use bibentry() instead.
Flavors: r-devel-linux-x86_64-debian-clang, r-devel-linux-x86_64-debian-gcc