Last updated on 2025-02-20 04:51:08 CET.
Flavor | Version | Tinstall | Tcheck | Ttotal | Status | Flags |
---|---|---|---|---|---|---|
r-devel-linux-x86_64-debian-clang | 1.1.2 | 5.81 | 39.74 | 45.55 | OK | |
r-devel-linux-x86_64-debian-gcc | 1.1.2 | 3.95 | 28.70 | 32.65 | OK | |
r-devel-linux-x86_64-fedora-clang | 1.1.2 | 70.19 | OK | |||
r-devel-linux-x86_64-fedora-gcc | 1.1.2 | 65.01 | OK | |||
r-devel-macos-arm64 | 1.1.2 | 23.00 | OK | |||
r-devel-macos-x86_64 | 1.1.2 | 41.00 | OK | |||
r-devel-windows-x86_64 | 1.1.2 | 7.00 | 64.00 | 71.00 | OK | |
r-patched-linux-x86_64 | 1.1.2 | 5.54 | 36.63 | 42.17 | OK | |
r-release-linux-x86_64 | 1.1.2 | 4.84 | 36.12 | 40.96 | OK | |
r-release-macos-arm64 | 1.1.2 | 24.00 | OK | |||
r-release-macos-x86_64 | 1.1.2 | 35.00 | OK | |||
r-release-windows-x86_64 | 1.1.2 | 6.00 | 65.00 | 71.00 | OK | |
r-oldrel-macos-arm64 | 1.1.2 | 25.00 | OK | |||
r-oldrel-macos-x86_64 | 1.1.2 | 38.00 | NOTE | |||
r-oldrel-windows-x86_64 | 1.1.2 | 9.00 | 85.00 | 94.00 | OK |
Version: 1.1.2
Check: package dependencies
Result: NOTE
Package suggested but not available for checking: ‘wTO’
Flavor: r-oldrel-macos-x86_64