Last updated on 2025-07-01 05:49:16 CEST.
Flavor | Version | Tinstall | Tcheck | Ttotal | Status | Flags |
---|---|---|---|---|---|---|
r-devel-linux-x86_64-debian-clang | 1.0.0 | 25.11 | 98.73 | 123.84 | OK | |
r-devel-linux-x86_64-debian-gcc | 1.0.0 | 15.82 | 67.64 | 83.46 | OK | |
r-devel-linux-x86_64-fedora-clang | 1.0.0 | 198.83 | OK | |||
r-devel-linux-x86_64-fedora-gcc | 1.0.0 | 209.31 | OK | |||
r-devel-windows-x86_64 | 1.0.0 | 28.00 | 122.00 | 150.00 | OK | |
r-patched-linux-x86_64 | OK | |||||
r-release-linux-x86_64 | 1.0.0 | 23.60 | 91.44 | 115.04 | OK | |
r-release-macos-arm64 | 1.0.0 | 66.00 | OK | |||
r-release-macos-x86_64 | 1.0.0 | 122.00 | OK | |||
r-release-windows-x86_64 | 1.0.0 | 31.00 | 120.00 | 151.00 | OK | |
r-oldrel-macos-arm64 | 1.0.0 | 65.00 | NOTE | |||
r-oldrel-macos-x86_64 | 1.0.0 | 106.00 | NOTE | |||
r-oldrel-windows-x86_64 | 1.0.0 | 36.00 | 149.00 | 185.00 | NOTE |
Version: 1.0.0
Check: installed package size
Result: NOTE
installed size is 6.5Mb
sub-directories of 1Mb or more:
extdata 5.3Mb
Flavors: r-oldrel-macos-arm64, r-oldrel-macos-x86_64, r-oldrel-windows-x86_64