Last updated on 2025-02-07 05:50:33 CET.
Flavor | Version | Tinstall | Tcheck | Ttotal | Status | Flags |
---|---|---|---|---|---|---|
r-devel-linux-x86_64-debian-clang | 1.2.1 | 3.61 | 23.76 | 27.37 | OK | |
r-devel-linux-x86_64-debian-gcc | 1.2.1 | 2.77 | 18.44 | 21.21 | OK | |
r-devel-linux-x86_64-fedora-clang | 1.2.1 | 43.55 | OK | |||
r-devel-linux-x86_64-fedora-gcc | 1.2.1 | 40.84 | OK | |||
r-devel-windows-x86_64 | 1.2.1 | 7.00 | 49.00 | 56.00 | OK | |
r-patched-linux-x86_64 | 1.2.1 | 3.32 | 21.66 | 24.98 | NOTE | |
r-release-linux-x86_64 | 1.2.1 | 3.33 | 21.60 | 24.93 | NOTE | |
r-release-macos-arm64 | 1.2.1 | 24.00 | NOTE | |||
r-release-macos-x86_64 | 1.2.1 | 32.00 | NOTE | |||
r-release-windows-x86_64 | 1.2.1 | 6.00 | 48.00 | 54.00 | NOTE | |
r-oldrel-macos-arm64 | 1.2.1 | 18.00 | NOTE | |||
r-oldrel-macos-x86_64 | 1.2.1 | 24.00 | NOTE | |||
r-oldrel-windows-x86_64 | 1.2.1 | 7.00 | 47.00 | 54.00 | NOTE |
Version: 1.2.1
Check: LazyData
Result: NOTE
'LazyData' is specified without a 'data' directory
Flavors: r-patched-linux-x86_64, r-release-linux-x86_64, r-release-macos-arm64, r-release-macos-x86_64, r-release-windows-x86_64, r-oldrel-macos-arm64, r-oldrel-macos-x86_64, r-oldrel-windows-x86_64
Version: 1.2.1
Check: package dependencies
Result: NOTE
Package suggested but not available for checking: ‘pbdMPI’
Flavors: r-release-macos-arm64, r-release-macos-x86_64, r-oldrel-macos-arm64, r-oldrel-macos-x86_64