Last updated on 2025-07-04 05:49:18 CEST.
Flavor | Version | Tinstall | Tcheck | Ttotal | Status | Flags |
---|---|---|---|---|---|---|
r-devel-linux-x86_64-debian-clang | 0.8.1 | 29.11 | 97.47 | 126.58 | NOTE | |
r-devel-linux-x86_64-debian-gcc | 0.8.1 | 20.37 | 73.23 | 93.60 | NOTE | |
r-devel-linux-x86_64-fedora-clang | 0.8.1 | 227.67 | OK | |||
r-devel-linux-x86_64-fedora-gcc | 0.8.1 | 227.04 | OK | |||
r-devel-windows-x86_64 | 0.8.1 | 33.00 | 266.00 | 299.00 | OK | |
r-patched-linux-x86_64 | 0.8.1 | 29.15 | 94.66 | 123.81 | OK | |
r-release-linux-x86_64 | 0.8.1 | 28.15 | 94.75 | 122.90 | OK | |
r-release-macos-arm64 | 0.8.1 | 65.00 | OK | |||
r-release-macos-x86_64 | 0.8.1 | 125.00 | OK | |||
r-release-windows-x86_64 | 0.8.1 | 35.00 | 275.00 | 310.00 | OK | |
r-oldrel-macos-arm64 | 0.8.1 | 68.00 | OK | |||
r-oldrel-macos-x86_64 | 0.8.1 | 99.00 | OK | |||
r-oldrel-windows-x86_64 | 0.8.1 | 31.00 | 241.00 | 272.00 | OK |
Version: 0.8.1
Check: CRAN incoming feasibility
Result: NOTE
Maintainer: ‘Andrew Raim <andrew.raim@gmail.com>’
No Authors@R field in DESCRIPTION.
Please add one, modifying
Authors@R: c(person(given = c("Kimberly", "Sellers", "Thomas", "Lotze", "<thomas.lotze@thomaslotze.com>", "Andrew", "Raim"),
family = "<andrew.raim@gmail.com>",
role = "aut",
email = "andrew.raim@gmail.com"),
person(given = "Andrew",
family = "Raim",
role = "cre",
email = "andrew.raim@gmail.com"))
as necessary.
Flavors: r-devel-linux-x86_64-debian-clang, r-devel-linux-x86_64-debian-gcc