Last updated on 2024-04-27 03:56:09 CEST.
Flavor | Version | Tinstall | Tcheck | Ttotal | Status | Flags |
---|---|---|---|---|---|---|
r-devel-linux-x86_64-debian-clang | 1.2 | 3.36 | 31.43 | 34.79 | NOTE | |
r-devel-linux-x86_64-debian-gcc | 1.2 | 2.54 | 23.83 | 26.37 | NOTE | |
r-devel-linux-x86_64-fedora-clang | 1.2 | 43.75 | NOTE | |||
r-devel-linux-x86_64-fedora-gcc | 1.2 | 41.69 | NOTE | |||
r-devel-windows-x86_64 | 1.2 | 4.00 | 45.00 | 49.00 | NOTE | |
r-patched-linux-x86_64 | 1.2 | 3.09 | 29.56 | 32.65 | NOTE | |
r-release-linux-x86_64 | 1.2 | 3.21 | 27.98 | 31.19 | NOTE | |
r-release-macos-arm64 | 1.2 | 16.00 | NOTE | |||
r-release-windows-x86_64 | 1.2 | 4.00 | 45.00 | 49.00 | NOTE | |
r-oldrel-macos-arm64 | 1.2 | 18.00 | NOTE | |||
r-oldrel-macos-x86_64 | 1.2 | 23.00 | NOTE | |||
r-oldrel-windows-x86_64 | 1.2 | 4.00 | 45.00 | 49.00 | NOTE |
Version: 1.2
Check: LazyData
Result: NOTE
'LazyData' is specified without a 'data' directory
Flavors: r-devel-linux-x86_64-debian-clang, r-devel-linux-x86_64-debian-gcc, r-devel-linux-x86_64-fedora-clang, r-devel-linux-x86_64-fedora-gcc, r-devel-windows-x86_64, r-patched-linux-x86_64, r-release-linux-x86_64, r-release-macos-arm64, r-release-windows-x86_64, r-oldrel-macos-arm64, r-oldrel-macos-x86_64, r-oldrel-windows-x86_64