Last updated on 2025-07-03 04:50:50 CEST.
Flavor | Version | Tinstall | Tcheck | Ttotal | Status | Flags |
---|---|---|---|---|---|---|
r-devel-linux-x86_64-debian-clang | 2.2.5 | 233.30 | 202.60 | 435.90 | OK | |
r-devel-linux-x86_64-debian-gcc | 2.2.5 | 160.82 | 129.81 | 290.63 | OK | |
r-devel-linux-x86_64-fedora-clang | 2.2.5 | 836.18 | OK | |||
r-devel-linux-x86_64-fedora-gcc | 2.2.5 | 791.07 | OK | |||
r-devel-windows-x86_64 | 2.2.5 | 251.00 | 249.00 | 500.00 | OK | |
r-patched-linux-x86_64 | 2.2.5 | 234.05 | 177.15 | 411.20 | OK | |
r-release-linux-x86_64 | 2.2.5 | 221.88 | 179.30 | 401.18 | OK | |
r-release-macos-arm64 | 2.2.4 | 180.00 | OK | |||
r-release-macos-x86_64 | 2.2.5 | 245.00 | OK | |||
r-release-windows-x86_64 | 2.2.4 | 256.00 | 249.00 | 505.00 | OK | |
r-oldrel-macos-arm64 | 2.2.4 | 163.00 | NOTE | |||
r-oldrel-macos-x86_64 | 2.2.5 | 246.00 | NOTE | |||
r-oldrel-windows-x86_64 | 2.2.5 | 304.00 | 303.00 | 607.00 | NOTE |
Version: 2.2.4
Check: installed package size
Result: NOTE
installed size is 13.9Mb
sub-directories of 1Mb or more:
doc 2.7Mb
libs 10.4Mb
Flavor: r-oldrel-macos-arm64
Version: 2.2.5
Check: installed package size
Result: NOTE
installed size is 14.5Mb
sub-directories of 1Mb or more:
doc 2.7Mb
libs 11.0Mb
Flavors: r-oldrel-macos-x86_64, r-oldrel-windows-x86_64