Last updated on 2024-05-02 04:00:07 CEST.
Flavor | Version | Tinstall | Tcheck | Ttotal | Status | Flags |
---|---|---|---|---|---|---|
r-devel-linux-x86_64-debian-clang | 2.1 | 14.26 | 27.25 | 41.51 | NOTE | |
r-devel-linux-x86_64-debian-gcc | 2.1 | 9.87 | 20.58 | 30.45 | NOTE | |
r-devel-linux-x86_64-fedora-clang | 2.1 | 54.28 | NOTE | |||
r-devel-linux-x86_64-fedora-gcc | 2.1 | 50.53 | NOTE | |||
r-devel-windows-x86_64 | 2.1 | 14.00 | 44.00 | 58.00 | NOTE | |
r-patched-linux-x86_64 | 2.1 | 11.27 | 26.39 | 37.66 | NOTE | |
r-release-linux-x86_64 | 2.1 | 12.56 | 26.78 | 39.34 | NOTE | |
r-release-macos-arm64 | 2.1 | 18.00 | NOTE | |||
r-release-windows-x86_64 | 2.1 | 15.00 | 42.00 | 57.00 | NOTE | |
r-oldrel-macos-arm64 | 2.1 | 21.00 | NOTE | |||
r-oldrel-macos-x86_64 | 2.1 | 28.00 | NOTE | |||
r-oldrel-windows-x86_64 | 2.1 | 13.00 | 46.00 | 59.00 | NOTE |
Version: 2.1
Check: package subdirectories
Result: NOTE
Problems with news in ‘NEWS.md’:
No news entries found.
Flavors: r-devel-linux-x86_64-debian-clang, r-devel-linux-x86_64-debian-gcc, r-devel-linux-x86_64-fedora-clang, r-devel-linux-x86_64-fedora-gcc, r-devel-windows-x86_64, r-patched-linux-x86_64, r-release-linux-x86_64, r-release-macos-arm64, r-release-windows-x86_64, r-oldrel-macos-arm64, r-oldrel-macos-x86_64, r-oldrel-windows-x86_64