CRAN Package Check Results for Package BayesGWQS

Last updated on 2025-07-04 05:49:16 CEST.

Flavor Version Tinstall Tcheck Ttotal Status Flags
r-devel-linux-x86_64-debian-clang 0.1.1 2.09 22.78 24.87 NOTE
r-devel-linux-x86_64-debian-gcc 0.1.1 1.50 17.68 19.18 NOTE
r-devel-linux-x86_64-fedora-clang 0.1.1 39.68 NOTE
r-devel-linux-x86_64-fedora-gcc 0.1.1 37.28 NOTE
r-devel-windows-x86_64 0.1.1 3.00 42.00 45.00 OK
r-patched-linux-x86_64 0.1.1 2.24 21.08 23.32 OK
r-release-linux-x86_64 0.1.1 2.02 21.35 23.37 OK
r-release-macos-arm64 0.1.1 22.00 OK
r-release-macos-x86_64 0.1.1 32.00 OK
r-release-windows-x86_64 0.1.1 4.00 44.00 48.00 OK
r-oldrel-macos-arm64 0.1.1 18.00 OK
r-oldrel-macos-x86_64 0.1.1 33.00 OK
r-oldrel-windows-x86_64 0.1.1 4.00 49.00 53.00 OK

Check Details

Version: 0.1.1
Check: CRAN incoming feasibility
Result: NOTE Maintainer: ‘Matthew Carli <carlimm@mymail.vcu.edu>’ No Authors@R field in DESCRIPTION. Please add one, modifying Authors@R: c(person(given = "David", family = "Wheeler", role = "aut"), person(given = "Matthew", family = "Carli", role = c("aut", "cre"), email = "carlimm@mymail.vcu.edu")) as necessary. Flavors: r-devel-linux-x86_64-debian-clang, r-devel-linux-x86_64-debian-gcc

Version: 0.1.1
Check: dependencies in R code
Result: NOTE Namespace in Imports field not imported from: ‘plyr’ All declared Imports should be used. Flavors: r-devel-linux-x86_64-fedora-clang, r-devel-linux-x86_64-fedora-gcc