Last updated on 2025-02-20 04:51:04 CET.
Flavor | Version | Tinstall | Tcheck | Ttotal | Status | Flags |
---|---|---|---|---|---|---|
r-devel-linux-x86_64-debian-clang | 0.5.0 | 15.47 | 149.19 | 164.66 | NOTE | |
r-devel-linux-x86_64-debian-gcc | 0.5.0 | 9.73 | 100.16 | 109.89 | NOTE | |
r-devel-linux-x86_64-fedora-clang | 0.5.0 | 272.64 | NOTE | |||
r-devel-linux-x86_64-fedora-gcc | 0.5.0 | 245.90 | NOTE | |||
r-devel-macos-arm64 | 0.5.0 | 73.00 | OK | |||
r-devel-macos-x86_64 | 0.5.0 | 152.00 | OK | |||
r-devel-windows-x86_64 | 0.5.0 | 16.00 | 154.00 | 170.00 | NOTE | |
r-patched-linux-x86_64 | 0.5.0 | 22.31 | 139.48 | 161.79 | OK | |
r-release-linux-x86_64 | 0.5.0 | 14.55 | 139.19 | 153.74 | OK | |
r-release-macos-arm64 | 0.5.0 | 72.00 | OK | |||
r-release-macos-x86_64 | 0.5.0 | 103.00 | OK | |||
r-release-windows-x86_64 | 0.5.0 | 16.00 | 148.00 | 164.00 | OK | |
r-oldrel-macos-arm64 | 0.5.0 | 73.00 | OK | |||
r-oldrel-macos-x86_64 | 0.5.0 | 120.00 | OK | |||
r-oldrel-windows-x86_64 | 0.5.0 | 22.00 | 184.00 | 206.00 | OK |
Version: 0.5.0
Check: Rd cross-references
Result: NOTE
Found the following Rd file(s) with Rd \link{} targets missing package
anchors:
bubbleplot.Rd: scale_colour_gradient2
Please provide package anchors for all Rd \link{} targets not in the
package itself and the base packages.
Flavors: r-devel-linux-x86_64-debian-clang, r-devel-linux-x86_64-debian-gcc, r-devel-windows-x86_64
Version: 0.5.0
Check: dependencies in R code
Result: NOTE
Namespaces in Imports field not imported from:
‘circlize’ ‘hexbin’ ‘scales’ ‘sna’
All declared Imports should be used.
Flavors: r-devel-linux-x86_64-fedora-clang, r-devel-linux-x86_64-fedora-gcc