Last updated on 2025-05-16 05:49:02 CEST.
Flavor | Version | Tinstall | Tcheck | Ttotal | Status | Flags |
---|---|---|---|---|---|---|
r-devel-linux-x86_64-debian-clang | 0.2 | 2.76 | 25.72 | 28.48 | NOTE | |
r-devel-linux-x86_64-debian-gcc | 0.2 | 2.18 | 20.00 | 22.18 | NOTE | |
r-devel-linux-x86_64-fedora-clang | 0.2 | 44.68 | OK | |||
r-devel-linux-x86_64-fedora-gcc | 0.2 | 45.38 | OK | |||
r-devel-windows-x86_64 | 0.2 | 4.00 | 0.00 | 4.00 | FAIL | |
r-patched-linux-x86_64 | 0.2 | 2.26 | 24.78 | 27.04 | OK | |
r-release-linux-x86_64 | 0.2 | 2.86 | 24.80 | 27.66 | OK | |
r-release-macos-arm64 | 0.2 | 22.00 | OK | |||
r-release-macos-x86_64 | 0.2 | 40.00 | OK | |||
r-release-windows-x86_64 | 0.2 | 4.00 | 46.00 | 50.00 | OK | |
r-oldrel-macos-arm64 | 0.2 | 19.00 | OK | |||
r-oldrel-macos-x86_64 | 0.2 | 30.00 | OK | |||
r-oldrel-windows-x86_64 | 0.2 | 5.00 | 50.00 | 55.00 | OK |
Version: 0.2
Check: CRAN incoming feasibility
Result: NOTE
Maintainer: ‘Hao Chen <hxchen@ucdavis.edu>’
No Authors@R field in DESCRIPTION.
Please add one, modifying
Authors@R: c(person(given = "Hao",
family = "Chen",
role = c("aut", "cre"),
email = "hxchen@ucdavis.edu"),
person(given = "Dylan",
family = "Small",
role = "aut"))
as necessary.
Flavors: r-devel-linux-x86_64-debian-clang, r-devel-linux-x86_64-debian-gcc
Version: 0.2
Check: PDF version of manual
Result: FAIL
Check process probably crashed or hung up for 20 minutes ... killed
Most likely this happened in the example checks (?),
if not, ignore the following last lines of example output:
> ## The indices of the treated subjects are 1:150.
> data(smoking)
> CrossNN(smokingDist, 1:150)
$test.stat.Z
[1] 2.700863
$pval.appr
[1] 0.006773081
>
> ## Uncomment the following line to get permutation p-value with 1,000 permutations.
> # CrossNN(smokingDist, 1:150, perm=1000)
>
>
>
> ### * <FOOTER>
> ###
> cleanEx()
> options(digits = 7L)
> base::cat("Time elapsed: ", proc.time() - base::get("ptime", pos = 'CheckExEnv'),"\n")
Time elapsed: 0.57 0.04 0.61 NA NA
> grDevices::dev.off()
null device
1
> ###
> ### Local variables: ***
> ### mode: outline-minor ***
> ### outline-regexp: "\\(> \\)?### [*]+" ***
> ### End: ***
> quit('no')
======== End of example output (where/before crash/hang up occured ?) ========
Flavor: r-devel-windows-x86_64