Last updated on 2025-02-06 05:49:05 CET.
Flavor | Version | Tinstall | Tcheck | Ttotal | Status | Flags |
---|---|---|---|---|---|---|
r-devel-linux-x86_64-debian-clang | 2.2.3 | 63.68 | 132.40 | 196.08 | OK | |
r-devel-linux-x86_64-debian-gcc | 2.2.3 | 62.44 | 92.58 | 155.02 | OK | |
r-devel-linux-x86_64-fedora-clang | 2.2.3 | 323.76 | OK | |||
r-devel-linux-x86_64-fedora-gcc | 2.2.3 | 364.80 | OK | |||
r-devel-windows-x86_64 | 2.2.3 | 71.00 | 122.00 | 193.00 | OK | |
r-patched-linux-x86_64 | 2.2.3 | 82.87 | 120.35 | 203.22 | OK | |
r-release-linux-x86_64 | 2.2.3 | 83.20 | 119.47 | 202.67 | OK | |
r-release-macos-arm64 | 2.2.3 | 112.00 | NOTE | |||
r-release-macos-x86_64 | 2.2.3 | 131.00 | NOTE | |||
r-release-windows-x86_64 | 2.2.3 | 71.00 | 122.00 | 193.00 | OK | |
r-oldrel-macos-arm64 | 2.2.3 | 81.00 | NOTE | |||
r-oldrel-macos-x86_64 | 2.2.3 | 160.00 | NOTE | |||
r-oldrel-windows-x86_64 | 2.2.3 | 87.00 | 150.00 | 237.00 | OK |
Version: 2.2.3
Check: installed package size
Result: NOTE
installed size is 5.2Mb
sub-directories of 1Mb or more:
libs 4.7Mb
Flavors: r-release-macos-arm64, r-release-macos-x86_64, r-oldrel-macos-arm64, r-oldrel-macos-x86_64