CRAN Package Check Results for Package AnaCoDa

Last updated on 2025-07-03 04:50:49 CEST.

Flavor Version Tinstall Tcheck Ttotal Status Flags
r-devel-linux-x86_64-debian-clang 0.1.4.4 188.69 196.58 385.27 NOTE
r-devel-linux-x86_64-debian-gcc 0.1.4.4 141.49 124.52 266.01 NOTE
r-devel-linux-x86_64-fedora-clang 0.1.4.4 636.18 NOTE
r-devel-linux-x86_64-fedora-gcc 0.1.4.4 698.52 NOTE
r-devel-windows-x86_64 0.1.4.4 180.00 237.00 417.00 NOTE
r-patched-linux-x86_64 0.1.4.4 203.97 190.38 394.35 NOTE
r-release-linux-x86_64 0.1.4.4 201.28 184.50 385.78 NOTE
r-release-macos-arm64 0.1.4.4 159.00 NOTE
r-release-macos-x86_64 0.1.4.4 258.00 NOTE
r-release-windows-x86_64 0.1.4.4 195.00 233.00 428.00 NOTE
r-oldrel-macos-arm64 0.1.4.4 152.00 NOTE
r-oldrel-macos-x86_64 0.1.4.4 197.00 NOTE
r-oldrel-windows-x86_64 0.1.4.4 178.00 319.00 497.00 NOTE

Check Details

Version: 0.1.4.4
Check: CRAN incoming feasibility
Result: NOTE Maintainer: ‘Cedric Landerer <cedric.landerer@gmail.com>’ No Authors@R field in DESCRIPTION. Please add one, modifying Authors@R: c(person(family = "Authors@R", role = "aut"), person(given = "Cedric", family = "Landerer", role = "cre", email = "cedric.landerer@gmail.com")) as necessary. Flavors: r-devel-linux-x86_64-debian-clang, r-devel-linux-x86_64-debian-gcc

Version: 0.1.4.4
Check: C++ specification
Result: NOTE Specified C++11: please drop specification unless essential Flavors: r-devel-linux-x86_64-debian-clang, r-devel-linux-x86_64-debian-gcc, r-devel-linux-x86_64-fedora-clang, r-devel-linux-x86_64-fedora-gcc, r-devel-windows-x86_64, r-patched-linux-x86_64, r-release-linux-x86_64, r-release-macos-arm64, r-release-macos-x86_64, r-release-windows-x86_64, r-oldrel-macos-arm64, r-oldrel-macos-x86_64, r-oldrel-windows-x86_64

Version: 0.1.4.4
Check: installed package size
Result: NOTE installed size is 27.2Mb sub-directories of 1Mb or more: libs 25.7Mb Flavors: r-oldrel-macos-arm64, r-oldrel-macos-x86_64

Version: 0.1.4.4
Check: LazyData
Result: NOTE 'LazyData' is specified without a 'data' directory Flavors: r-oldrel-macos-arm64, r-oldrel-macos-x86_64, r-oldrel-windows-x86_64