Last updated on 2024-05-02 04:00:05 CEST.
Flavor | Version | Tinstall | Tcheck | Ttotal | Status | Flags |
---|---|---|---|---|---|---|
r-devel-linux-x86_64-debian-clang | 0.2.0 | 3.26 | 43.31 | 46.57 | OK | |
r-devel-linux-x86_64-debian-gcc | 0.2.0 | 2.23 | 32.60 | 34.83 | OK | |
r-devel-linux-x86_64-fedora-clang | 0.2.0 | 59.56 | NOTE | |||
r-devel-linux-x86_64-fedora-gcc | 0.2.0 | 71.21 | NOTE | |||
r-devel-windows-x86_64 | 0.2.0 | 5.00 | 53.00 | 58.00 | OK | |
r-patched-linux-x86_64 | 0.2.0 | 2.09 | 41.47 | 43.56 | OK | |
r-release-linux-x86_64 | 0.2.0 | 1.97 | 40.74 | 42.71 | OK | |
r-release-macos-arm64 | 0.2.0 | 27.00 | OK | |||
r-release-windows-x86_64 | 0.2.0 | 5.00 | 73.00 | 78.00 | OK | |
r-oldrel-macos-arm64 | 0.2.0 | 28.00 | OK | |||
r-oldrel-macos-x86_64 | 0.2.0 | 44.00 | OK | |||
r-oldrel-windows-x86_64 | 0.2.0 | 5.00 | 58.00 | 63.00 | OK |
Version: 0.2.0
Check: dependencies in R code
Result: NOTE
Namespace in Imports field not imported from: ‘flextable’
All declared Imports should be used.
Flavors: r-devel-linux-x86_64-fedora-clang, r-devel-linux-x86_64-fedora-gcc