Last updated on 2025-05-16 05:49:01 CEST.
Flavor | Version | Tinstall | Tcheck | Ttotal | Status | Flags |
---|---|---|---|---|---|---|
r-devel-linux-x86_64-debian-clang | 0.2.1 | 7.20 | 60.72 | 67.92 | NOTE | |
r-devel-linux-x86_64-debian-gcc | 0.2.1 | 4.55 | 45.42 | 49.97 | NOTE | |
r-devel-linux-x86_64-fedora-clang | 0.2.1 | 105.83 | OK | |||
r-devel-linux-x86_64-fedora-gcc | 0.2.1 | 120.69 | OK | |||
r-devel-windows-x86_64 | 0.2.1 | 11.00 | 72.00 | 83.00 | OK | |
r-patched-linux-x86_64 | 0.2.1 | 6.95 | 55.64 | 62.59 | OK | |
r-release-linux-x86_64 | 0.2.1 | 6.91 | 56.31 | 63.22 | OK | |
r-release-macos-arm64 | 0.2.1 | 40.00 | OK | |||
r-release-macos-x86_64 | 0.2.1 | 86.00 | OK | |||
r-release-windows-x86_64 | 0.2.1 | 9.00 | 92.00 | 101.00 | OK | |
r-oldrel-macos-arm64 | 0.2.1 | 39.00 | OK | |||
r-oldrel-macos-x86_64 | 0.2.1 | 59.00 | OK | |||
r-oldrel-windows-x86_64 | 0.2.1 | 12.00 | 93.00 | 105.00 | OK |
Version: 0.2.1
Check: CRAN incoming feasibility
Result: NOTE
Maintainer: ‘Dan Dediu <ddediu@gmail.com>’
Package CITATION file contains call(s) to old-style personList() or
as.personList(). Please use c() on person objects instead.
Package CITATION file contains call(s) to old-style citEntry(). Please
use bibentry() instead.
Flavors: r-devel-linux-x86_64-debian-clang, r-devel-linux-x86_64-debian-gcc