Last updated on 2024-05-02 04:00:06 CEST.
Flavor | Version | Tinstall | Tcheck | Ttotal | Status | Flags |
---|---|---|---|---|---|---|
r-devel-linux-x86_64-debian-clang | 1.0.4 | 7.91 | 139.65 | 147.56 | OK | |
r-devel-linux-x86_64-debian-gcc | 1.0.4 | 9.12 | 100.10 | 109.22 | OK | |
r-devel-linux-x86_64-fedora-clang | 1.0.4 | 181.52 | OK | |||
r-devel-linux-x86_64-fedora-gcc | 1.0.4 | 206.38 | OK | |||
r-devel-windows-x86_64 | 1.0.4 | 11.00 | 121.00 | 132.00 | OK | |
r-patched-linux-x86_64 | 1.0.4 | 10.98 | 127.84 | 138.82 | OK | |
r-release-linux-x86_64 | 1.0.4 | 9.79 | 132.38 | 142.17 | OK | |
r-release-macos-arm64 | 1.0.4 | 60.00 | OK | |||
r-release-windows-x86_64 | 1.0.4 | 11.00 | 124.00 | 135.00 | OK | |
r-oldrel-macos-arm64 | 1.0.4 | 60.00 | OK | |||
r-oldrel-macos-x86_64 | 1.0.4 | 94.00 | NOTE | |||
r-oldrel-windows-x86_64 | 1.0.4 | 15.00 | 155.00 | 170.00 | OK |
Version: 1.0.4
Check: installed package size
Result: NOTE
installed size is 5.8Mb
sub-directories of 1Mb or more:
data 4.7Mb
Flavor: r-oldrel-macos-x86_64