Last updated on 2025-05-16 05:49:01 CEST.
Flavor | Version | Tinstall | Tcheck | Ttotal | Status | Flags |
---|---|---|---|---|---|---|
r-devel-linux-x86_64-debian-clang | 0.1.0 | 7.14 | 51.93 | 59.07 | NOTE | |
r-devel-linux-x86_64-debian-gcc | 0.1.0 | 5.09 | 36.21 | 41.30 | NOTE | |
r-devel-linux-x86_64-fedora-clang | 0.1.0 | 93.33 | OK | |||
r-devel-linux-x86_64-fedora-gcc | 0.1.0 | 87.74 | OK | |||
r-devel-windows-x86_64 | 0.1.0 | 10.00 | 65.00 | 75.00 | OK | |
r-patched-linux-x86_64 | 0.1.0 | 6.40 | 49.49 | 55.89 | OK | |
r-release-linux-x86_64 | 0.1.0 | 6.47 | 49.88 | 56.35 | OK | |
r-release-macos-arm64 | 0.1.0 | 31.00 | OK | |||
r-release-macos-x86_64 | 0.1.0 | 47.00 | OK | |||
r-release-windows-x86_64 | 0.1.0 | 8.00 | 65.00 | 73.00 | OK | |
r-oldrel-macos-arm64 | 0.1.0 | 28.00 | NOTE | |||
r-oldrel-macos-x86_64 | 0.1.0 | 41.00 | NOTE | |||
r-oldrel-windows-x86_64 | 0.1.0 | 10.00 | 76.00 | 86.00 | NOTE |
Version: 0.1.0
Check: CRAN incoming feasibility
Result: NOTE
Maintainer: ‘Elisabeth Dahlqwist <elisabeth.dahlqwist88@gmail.com>’
No Authors@R field in DESCRIPTION.
Please add one, modifying
Authors@R: person(given = "Elisabeth",
family = "Dahlqwist",
role = c("aut", "cre"),
email = "elisabeth.dahlqwist88@gmail.com")
as necessary.
Flavors: r-devel-linux-x86_64-debian-clang, r-devel-linux-x86_64-debian-gcc
Version: 0.1.0
Check: LazyData
Result: NOTE
'LazyData' is specified without a 'data' directory
Flavors: r-oldrel-macos-arm64, r-oldrel-macos-x86_64, r-oldrel-windows-x86_64