Last updated on 2025-02-20 04:51:33 CET.
Flavor | Version | Tinstall | Tcheck | Ttotal | Status | Flags |
---|---|---|---|---|---|---|
r-devel-linux-x86_64-debian-clang | 1.6 | 30.91 | 470.69 | 501.60 | NOTE | |
r-devel-linux-x86_64-debian-gcc | 1.6 | 18.99 | 290.21 | 309.20 | NOTE | |
r-devel-linux-x86_64-fedora-clang | 1.6 | 805.46 | OK | |||
r-devel-linux-x86_64-fedora-gcc | 1.6 | 765.42 | OK | |||
r-devel-macos-arm64 | 1.6 | 175.00 | OK | |||
r-devel-macos-x86_64 | 1.6 | 479.00 | OK | |||
r-devel-windows-x86_64 | 1.6 | 26.00 | 372.00 | 398.00 | NOTE | |
r-patched-linux-x86_64 | 1.6 | 33.63 | 426.11 | 459.74 | OK | |
r-release-linux-x86_64 | 1.6 | 23.75 | 431.89 | 455.64 | OK | |
r-release-macos-arm64 | 1.6 | 169.00 | OK | |||
r-release-macos-x86_64 | 1.6 | 283.00 | OK | |||
r-release-windows-x86_64 | 1.6 | 27.00 | 373.00 | 400.00 | OK | |
r-oldrel-macos-arm64 | 1.6 | 162.00 | OK | |||
r-oldrel-macos-x86_64 | 1.6 | 290.00 | OK | |||
r-oldrel-windows-x86_64 | 1.6 | 38.00 | 487.00 | 525.00 | OK |
Version: 1.6
Check: Rd cross-references
Result: NOTE
Found the following Rd file(s) with Rd \link{} targets missing package
anchors:
virtualspecies-package.Rd: terra, ade4, rnaturalearth
Please provide package anchors for all Rd \link{} targets not in the
package itself and the base packages.
Flavors: r-devel-linux-x86_64-debian-clang, r-devel-linux-x86_64-debian-gcc, r-devel-windows-x86_64