CRAN Package Check Results for Package typed

Last updated on 2025-02-21 05:51:04 CET.

Flavor Version Tinstall Tcheck Ttotal Status Flags
r-devel-linux-x86_64-debian-clang 0.0.1 2.35 23.67 26.02 OK
r-devel-linux-x86_64-debian-gcc 0.0.1 1.92 18.18 20.10 OK
r-devel-linux-x86_64-fedora-clang 0.0.1 43.77 OK
r-devel-linux-x86_64-fedora-gcc 0.0.1 39.81 OK
r-devel-macos-arm64 0.0.1 18.00 OK
r-devel-macos-x86_64 0.0.1 27.00 OK
r-devel-windows-x86_64 0.0.1 4.00 45.00 49.00 OK
r-patched-linux-x86_64 0.0.1 2.56 22.63 25.19 NOTE
r-release-linux-x86_64 0.0.1 2.31 22.75 25.06 NOTE
r-release-macos-arm64 0.0.1 18.00 NOTE
r-release-macos-x86_64 0.0.1 25.00 NOTE
r-release-windows-x86_64 0.0.1 3.00 45.00 48.00 NOTE
r-oldrel-macos-arm64 0.0.1 19.00 NOTE
r-oldrel-macos-x86_64 0.0.1 24.00 NOTE
r-oldrel-windows-x86_64 0.0.1 4.00 46.00 50.00 NOTE

Check Details

Version: 0.0.1
Check: LazyData
Result: NOTE 'LazyData' is specified without a 'data' directory Flavors: r-patched-linux-x86_64, r-release-linux-x86_64, r-release-macos-arm64, r-release-macos-x86_64, r-release-windows-x86_64, r-oldrel-macos-arm64, r-oldrel-macos-x86_64, r-oldrel-windows-x86_64