Last updated on 2025-02-21 05:51:04 CET.
Flavor | Version | Tinstall | Tcheck | Ttotal | Status | Flags |
---|---|---|---|---|---|---|
r-devel-linux-x86_64-debian-clang | 0.5-1 | 33.85 | 96.88 | 130.73 | OK | |
r-devel-linux-x86_64-debian-gcc | 0.5-1 | 34.64 | 69.38 | 104.02 | OK | |
r-devel-linux-x86_64-fedora-clang | 0.5-1 | 229.09 | NOTE | |||
r-devel-linux-x86_64-fedora-gcc | 0.5-1 | 234.55 | NOTE | |||
r-devel-macos-arm64 | 0.5-1 | 78.00 | OK | |||
r-devel-macos-x86_64 | 0.5-1 | 133.00 | OK | |||
r-devel-windows-x86_64 | 0.5-1 | 52.00 | 117.00 | 169.00 | OK | |
r-patched-linux-x86_64 | 0.5-1 | 49.38 | 88.93 | 138.31 | OK | |
r-release-linux-x86_64 | 0.5-1 | 48.94 | 88.53 | 137.47 | OK | |
r-release-macos-arm64 | 0.5-1 | 74.00 | OK | |||
r-release-macos-x86_64 | 0.5-1 | 107.00 | OK | |||
r-release-windows-x86_64 | 0.5-1 | 53.00 | 110.00 | 163.00 | OK | |
r-oldrel-macos-arm64 | 0.5-1 | 79.00 | OK | |||
r-oldrel-macos-x86_64 | 0.5-1 | 103.00 | OK | |||
r-oldrel-windows-x86_64 | 0.5-1 | 61.00 | 135.00 | 196.00 | OK |
Version: 0.5-1
Check: compiled code
Result: NOTE
File ‘tseriesTARMA/libs/tseriesTARMA.so’:
Found no calls to: ‘R_registerRoutines’, ‘R_useDynamicSymbols’
It is good practice to register native routines and to disable symbol
search.
See ‘Writing portable packages’ in the ‘Writing R Extensions’ manual.
Flavors: r-devel-linux-x86_64-fedora-clang, r-devel-linux-x86_64-fedora-gcc