Last updated on 2025-02-19 05:50:48 CET.
Flavor | Version | Tinstall | Tcheck | Ttotal | Status | Flags |
---|---|---|---|---|---|---|
r-devel-linux-x86_64-debian-clang | 1.0.3 | 2.56 | 110.11 | 112.67 | OK | |
r-devel-linux-x86_64-debian-gcc | 1.0.3 | 2.21 | 72.47 | 74.68 | OK | |
r-devel-linux-x86_64-fedora-clang | 1.0.3 | 180.96 | OK | |||
r-devel-linux-x86_64-fedora-gcc | 1.0.3 | 192.34 | OK | |||
r-devel-macos-arm64 | 1.0.3 | 75.00 | OK | |||
r-devel-macos-x86_64 | 1.0.3 | 144.00 | OK | |||
r-devel-windows-x86_64 | 1.0.3 | 5.00 | 118.00 | 123.00 | OK | |
r-patched-linux-x86_64 | 1.0.3 | 3.30 | 105.31 | 108.61 | NOTE | |
r-release-linux-x86_64 | 1.0.3 | 3.24 | 104.89 | 108.13 | NOTE | |
r-release-macos-arm64 | 1.0.3 | 59.00 | NOTE | |||
r-release-macos-x86_64 | 1.0.3 | 107.00 | NOTE | |||
r-release-windows-x86_64 | 1.0.3 | 5.00 | 121.00 | 126.00 | NOTE | |
r-oldrel-macos-arm64 | 1.0.3 | 60.00 | NOTE | |||
r-oldrel-macos-x86_64 | 1.0.3 | 112.00 | NOTE | |||
r-oldrel-windows-x86_64 | 1.0.3 | 5.00 | 147.00 | 152.00 | NOTE |
Version: 1.0.3
Check: package dependencies
Result: NOTE
Package suggested but not available for checking: ‘fwelnet’
Flavors: r-patched-linux-x86_64, r-release-linux-x86_64, r-release-macos-arm64, r-release-macos-x86_64, r-oldrel-macos-arm64, r-oldrel-macos-x86_64
Version: 1.0.3
Check: package dependencies
Result: NOTE
Packages suggested but not available for checking: 'fwelnet', 'doMC'
Flavors: r-release-windows-x86_64, r-oldrel-windows-x86_64