CRAN Package Check Results for Package tractor.base

Last updated on 2025-02-21 05:51:03 CET.

Flavor Version Tinstall Tcheck Ttotal Status Flags
r-devel-linux-x86_64-debian-clang 3.4.2 10.28 53.72 64.00 NOTE
r-devel-linux-x86_64-debian-gcc 3.4.2 7.27 36.98 44.25 NOTE
r-devel-linux-x86_64-fedora-clang 3.4.2 113.15 OK
r-devel-linux-x86_64-fedora-gcc 3.4.2 98.53 OK
r-devel-macos-arm64 3.4.2 30.00 OK
r-devel-macos-x86_64 3.4.2 58.00 OK
r-devel-windows-x86_64 3.4.2 11.00 80.00 91.00 NOTE
r-patched-linux-x86_64 3.4.2 11.73 50.14 61.87 OK
r-release-linux-x86_64 3.4.2 8.49 50.70 59.19 OK
r-release-macos-arm64 3.4.2 29.00 OK
r-release-macos-x86_64 3.4.2 51.00 OK
r-release-windows-x86_64 3.4.2 10.00 76.00 86.00 OK
r-oldrel-macos-arm64 3.4.2 38.00 OK
r-oldrel-macos-x86_64 3.4.2 72.00 OK
r-oldrel-windows-x86_64 3.4.2 13.00 113.00 126.00 OK

Check Details

Version: 3.4.2
Check: Rd cross-references
Result: NOTE Found the following Rd file(s) with Rd \link{} targets missing package anchors: printLabelledValues.Rd: setOutputLevel Please provide package anchors for all Rd \link{} targets not in the package itself and the base packages. Flavors: r-devel-linux-x86_64-debian-clang, r-devel-linux-x86_64-debian-gcc, r-devel-windows-x86_64