CRAN Package Check Results for Package tmvmixnorm

Last updated on 2025-02-21 05:51:03 CET.

Flavor Version Tinstall Tcheck Ttotal Status Flags
r-devel-linux-x86_64-debian-clang 1.1.1 2.34 22.26 24.60 OK
r-devel-linux-x86_64-debian-gcc 1.1.1 1.66 17.39 19.05 OK
r-devel-linux-x86_64-fedora-clang 1.1.1 39.52 OK
r-devel-linux-x86_64-fedora-gcc 1.1.1 36.41 OK
r-devel-macos-arm64 1.1.1 16.00 OK
r-devel-macos-x86_64 1.1.1 25.00 OK
r-devel-windows-x86_64 1.1.1 3.00 52.00 55.00 OK
r-patched-linux-x86_64 1.1.1 2.39 21.24 23.63 NOTE
r-release-linux-x86_64 1.1.1 1.93 21.22 23.15 NOTE
r-release-macos-arm64 1.1.1 20.00 NOTE
r-release-macos-x86_64 1.1.1 23.00 NOTE
r-release-windows-x86_64 1.1.1 5.00 46.00 51.00 NOTE
r-oldrel-macos-arm64 1.1.1 16.00 NOTE
r-oldrel-macos-x86_64 1.1.1 22.00 NOTE
r-oldrel-windows-x86_64 1.1.1 4.00 48.00 52.00 NOTE

Check Details

Version: 1.1.1
Check: LazyData
Result: NOTE 'LazyData' is specified without a 'data' directory Flavors: r-patched-linux-x86_64, r-release-linux-x86_64, r-release-macos-arm64, r-release-macos-x86_64, r-release-windows-x86_64, r-oldrel-macos-arm64, r-oldrel-macos-x86_64, r-oldrel-windows-x86_64