Last updated on 2025-02-21 05:51:03 CET.
Flavor | Version | Tinstall | Tcheck | Ttotal | Status | Flags |
---|---|---|---|---|---|---|
r-devel-linux-x86_64-debian-clang | 1.0.91 | 121.17 | 137.27 | 258.44 | OK | |
r-devel-linux-x86_64-debian-gcc | 1.0.91 | 113.68 | 108.07 | 221.75 | OK | |
r-devel-linux-x86_64-fedora-clang | 1.0.91 | 444.93 | OK | |||
r-devel-linux-x86_64-fedora-gcc | 1.0.91 | 480.69 | OK | |||
r-devel-macos-arm64 | 1.0.91 | 110.00 | OK | |||
r-devel-macos-x86_64 | 1.0.91 | 324.00 | OK | |||
r-devel-windows-x86_64 | 1.0.91 | 118.00 | 151.00 | 269.00 | OK | |
r-patched-linux-x86_64 | 1.0.91 | 135.39 | 140.69 | 276.08 | NOTE | |
r-release-linux-x86_64 | 1.0.91 | 146.21 | 141.54 | 287.75 | NOTE | |
r-release-macos-arm64 | 1.0.91 | 61.00 | NOTE | |||
r-release-macos-x86_64 | 1.0.91 | 119.00 | NOTE | |||
r-release-windows-x86_64 | 1.0.91 | 116.00 | 152.00 | 268.00 | NOTE | |
r-oldrel-macos-arm64 | 1.0.91 | 84.00 | NOTE | |||
r-oldrel-macos-x86_64 | 1.0.91 | 214.00 | NOTE | |||
r-oldrel-windows-x86_64 | 1.0.91 | 161.00 | 181.00 | 342.00 | NOTE |
Version: 1.0.91
Check: for GNU extensions in Makefiles
Result: NOTE
GNU make is a SystemRequirements.
Flavors: r-patched-linux-x86_64, r-release-linux-x86_64, r-release-macos-arm64, r-release-macos-x86_64, r-release-windows-x86_64, r-oldrel-macos-arm64, r-oldrel-macos-x86_64, r-oldrel-windows-x86_64
Version: 1.0.91
Check: installed package size
Result: NOTE
installed size is 46.8Mb
sub-directories of 1Mb or more:
libs 46.5Mb
Flavors: r-release-macos-arm64, r-release-macos-x86_64, r-oldrel-macos-arm64, r-oldrel-macos-x86_64